CRAN Package Check Results for Package incidental

Last updated on 2024-07-13 19:54:03 CEST.

Flavor Version Tinstall Tcheck Ttotal Status Flags
r-devel-linux-x86_64-debian-clang 0.1 7.45 90.77 98.22 NOTE
r-devel-linux-x86_64-debian-gcc 0.1 6.58 67.68 74.26 NOTE
r-devel-linux-x86_64-fedora-clang 0.1 128.68 NOTE
r-devel-linux-x86_64-fedora-gcc 0.1 127.52 NOTE
r-devel-windows-x86_64 0.1 10.00 84.00 94.00 NOTE
r-patched-linux-x86_64 0.1 8.12 86.83 94.95 NOTE
r-release-linux-x86_64 0.1 6.72 84.96 91.68 NOTE
r-release-macos-arm64 0.1 43.00 NOTE
r-release-macos-x86_64 0.1 68.00 NOTE
r-release-windows-x86_64 0.1 9.00 83.00 92.00 NOTE
r-oldrel-macos-arm64 0.1 45.00 OK
r-oldrel-macos-x86_64 0.1 74.00 OK
r-oldrel-windows-x86_64 0.1 11.00 98.00 109.00 OK

Check Details

Version: 0.1
Check: Rd files
Result: NOTE checkRd: (-1) make_likelihood_matrix.Rd:16: Lost braces; missing escapes or markup? 16 | This function creates a matrix such that P[t, s] = P(C = t | I = s) = theta_{t-s} for s <= t and 0 otherwise. | ^ Flavors: r-devel-linux-x86_64-debian-clang, r-devel-linux-x86_64-debian-gcc, r-devel-linux-x86_64-fedora-clang, r-devel-linux-x86_64-fedora-gcc, r-devel-windows-x86_64, r-patched-linux-x86_64, r-release-linux-x86_64, r-release-macos-arm64, r-release-macos-x86_64, r-release-windows-x86_64