Last updated on 2023-12-03 07:51:59 CET.
Flavor | Version | Tinstall | Tcheck | Ttotal | Status | Flags |
---|---|---|---|---|---|---|
r-devel-linux-x86_64-debian-clang | 0.1 | 9.02 | 86.64 | 95.66 | NOTE | |
r-devel-linux-x86_64-debian-gcc | 0.1 | 7.35 | 66.45 | 73.80 | NOTE | |
r-devel-linux-x86_64-fedora-clang | 0.1 | 116.12 | OK | |||
r-devel-linux-x86_64-fedora-gcc | 0.1 | 124.06 | OK | |||
r-devel-windows-x86_64 | 0.1 | 9.00 | 85.00 | 94.00 | OK | |
r-patched-linux-x86_64 | 0.1 | 8.35 | 84.10 | 92.45 | OK | |
r-release-linux-x86_64 | 0.1 | 7.53 | 83.65 | 91.18 | OK | |
r-release-macos-arm64 | 0.1 | 45.00 | OK | |||
r-release-macos-x86_64 | 0.1 | 74.00 | OK | |||
r-release-windows-x86_64 | 0.1 | 10.00 | 98.00 | 108.00 | OK | |
r-oldrel-macos-arm64 | 0.1 | 38.00 | OK | |||
r-oldrel-macos-x86_64 | 0.1 | 67.00 | OK | |||
r-oldrel-windows-x86_64 | 0.1 | 12.00 | 98.00 | 110.00 | OK |
Version: 0.1
Check: Rd files
Result: NOTE
checkRd: (-1) make_likelihood_matrix.Rd:16: Lost braces; missing escapes or markup?
16 | This function creates a matrix such that P[t, s] = P(C = t | I = s) = theta_{t-s} for s <= t and 0 otherwise.
| ^
Flavors: r-devel-linux-x86_64-debian-clang, r-devel-linux-x86_64-debian-gcc