CRAN Package Check Results for Package indiedown

Last updated on 2023-12-05 05:49:12 CET.

Flavor Version Tinstall Tcheck Ttotal Status Flags
r-devel-linux-x86_64-debian-clang 0.1.1 2.91 37.10 40.01 NOTE
r-devel-linux-x86_64-debian-gcc 0.1.1 2.17 28.84 31.01 NOTE
r-devel-linux-x86_64-fedora-clang 0.1.1 50.23 NOTE
r-devel-linux-x86_64-fedora-gcc 0.1.1 58.46 NOTE
r-devel-windows-x86_64 0.1.1 4.00 53.00 57.00 NOTE
r-patched-linux-x86_64 0.1.1 1.79 36.76 38.55 NOTE
r-release-linux-x86_64 0.1.1 1.77 36.18 37.95 NOTE
r-release-macos-arm64 0.1.1 30.00 NOTE
r-release-macos-x86_64 0.1.1 41.00 NOTE
r-release-windows-x86_64 0.1.1 5.00 55.00 60.00 NOTE
r-oldrel-macos-arm64 0.1.1 22.00 NOTE
r-oldrel-macos-x86_64 0.1.1 36.00 NOTE
r-oldrel-windows-x86_64 0.1.1 5.00 58.00 63.00 NOTE

Check Details

Version: 0.1.1
Check: LazyData
Result: NOTE 'LazyData' is specified without a 'data' directory Flavors: r-devel-linux-x86_64-debian-clang, r-devel-linux-x86_64-debian-gcc, r-devel-linux-x86_64-fedora-clang, r-devel-linux-x86_64-fedora-gcc, r-devel-windows-x86_64, r-patched-linux-x86_64, r-release-linux-x86_64, r-release-macos-arm64, r-release-macos-x86_64, r-release-windows-x86_64, r-oldrel-macos-arm64, r-oldrel-macos-x86_64, r-oldrel-windows-x86_64