CRAN Package Check Results for Package infix

Last updated on 2022-12-10 07:56:55 CET.

Flavor Version Tinstall Tcheck Ttotal Status Flags
r-devel-linux-x86_64-debian-clang 0.1.0 1.52 21.36 22.88 NOTE
r-devel-linux-x86_64-debian-gcc 0.1.0 1.45 17.21 18.66 NOTE
r-devel-linux-x86_64-fedora-clang 0.1.0 39.52 NOTE
r-devel-linux-x86_64-fedora-gcc 0.1.0 40.00 NOTE
r-devel-windows-x86_64 0.1.0 12.00 51.00 63.00 NOTE
r-patched-linux-x86_64 0.1.0 2.21 22.23 24.44 NOTE
r-release-linux-x86_64 0.1.0 1.84 20.88 22.72 NOTE
r-release-macos-arm64 0.1.0 13.00 NOTE
r-release-macos-x86_64 0.1.0 19.00 NOTE
r-release-windows-x86_64 0.1.0 9.00 50.00 59.00 NOTE
r-oldrel-macos-arm64 0.1.0 17.00 NOTE
r-oldrel-macos-x86_64 0.1.0 24.00 NOTE
r-oldrel-windows-ix86+x86_64 0.1.0 5.00 50.00 55.00 NOTE

Check Details

Version: 0.1.0
Check: LazyData
Result: NOTE
     'LazyData' is specified without a 'data' directory
Flavors: r-devel-linux-x86_64-debian-clang, r-devel-linux-x86_64-debian-gcc, r-devel-linux-x86_64-fedora-clang, r-devel-linux-x86_64-fedora-gcc, r-devel-windows-x86_64, r-patched-linux-x86_64, r-release-linux-x86_64, r-release-macos-arm64, r-release-macos-x86_64, r-release-windows-x86_64, r-oldrel-macos-arm64, r-oldrel-macos-x86_64, r-oldrel-windows-ix86+x86_64