CRAN Package Check Results for Package influenceR

Last updated on 2019-02-21 07:48:38 CET.

Flavor Version Tinstall Tcheck Ttotal Status Flags
r-devel-linux-x86_64-debian-clang 0.1.0 4.09 29.25 33.34 OK
r-devel-linux-x86_64-debian-gcc 0.1.0 2.56 21.43 23.99 OK
r-devel-linux-x86_64-fedora-clang 0.1.0 38.42 NOTE
r-devel-linux-x86_64-fedora-gcc 0.1.0 34.23 NOTE
r-devel-windows-ix86+x86_64 0.1.0 18.00 69.00 87.00 OK
r-patched-linux-x86_64 0.1.0 OK
r-patched-solaris-x86 0.1.0 56.50 OK
r-release-linux-x86_64 0.1.0 OK
r-release-windows-ix86+x86_64 0.1.0 11.00 67.00 78.00 OK
r-release-osx-x86_64 0.1.0 OK
r-oldrel-windows-ix86+x86_64 0.1.0 10.00 63.00 73.00 OK
r-oldrel-osx-x86_64 0.1.0 OK

Additional issues

rchk

Check Details

Version: 0.1.0
Check: compiled code
Result: NOTE
    File ‘influenceR/libs/influenceR.so’:
     Found no calls to: ‘R_registerRoutines’, ‘R_useDynamicSymbols’
    
    It is good practice to register native routines and to disable symbol
    search.
    
    See ‘Writing portable packages’ in the ‘Writing R Extensions’ manual.
Flavors: r-devel-linux-x86_64-fedora-clang, r-devel-linux-x86_64-fedora-gcc