CRAN Package Check Results for Package infoDecompuTE

Last updated on 2020-02-20 21:47:30 CET.

Flavor Version Tinstall Tcheck Ttotal Status Flags
r-devel-linux-x86_64-debian-clang 0.6.1 4.21 30.97 35.18 ERROR
r-devel-linux-x86_64-debian-gcc 0.6.1 4.04 24.35 28.39 OK
r-devel-linux-x86_64-fedora-clang 0.6.1 44.46 OK
r-devel-linux-x86_64-fedora-gcc 0.6.1 42.98 OK
r-devel-windows-ix86+x86_64 0.6.1 8.00 45.00 53.00 OK
r-devel-windows-ix86+x86_64-gcc8 0.6.1 11.00 59.00 70.00 OK
r-patched-linux-x86_64 0.6.1 3.83 28.76 32.59 OK
r-patched-solaris-x86 0.6.1 54.50 OK
r-release-linux-x86_64 0.6.1 3.32 28.96 32.28 OK
r-release-windows-ix86+x86_64 0.6.1 8.00 45.00 53.00 OK
r-release-osx-x86_64 0.6.1 OK
r-oldrel-windows-ix86+x86_64 0.6.1 5.00 43.00 48.00 OK
r-oldrel-osx-x86_64 0.6.1 OK

Check Details

Version: 0.6.1
Check: examples
Result: ERROR
    Running examples in 'infoDecompuTE-Ex.R' failed
    The error most likely occurred in:
    
    > base::assign(".ptime", proc.time(), pos = "CheckExEnv")
    > ### Name: summaryAovOnePhase
    > ### Title: Summarize an Theoretical Analysis of Variance Model of
    > ### Single-Phase Experiments
    > ### Aliases: summaryAovOnePhase
    > ### Keywords: design
    >
    > ### ** Examples
    >
    >
    > design1 <- local({
    + Ani = as.factor(LETTERS[c(1,2,3,4,
    + 5,6,7,8)])
    + Trt = as.factor(letters[c(1,1,1,1,
    + 2,2,2,2)])
    + data.frame(Ani, Trt)
    + })
    >
    > summaryAovOnePhase(design1, blk.str = "Ani", trt.str = "Trt")
    Error in eigen(t(T) %*% t(N) %*% C %*% N %*% T) : 0 x 0 matrix
    Calls: summaryAovOnePhase ... lapply -> FUN -> getEffFactor -> invInfMat -> eigen
    Execution halted
Flavor: r-devel-linux-x86_64-debian-clang