CRAN Package Check Results for Package infraFDTD.assist

Last updated on 2019-08-19 12:47:42 CEST.

Flavor Version Tinstall Tcheck Ttotal Status Flags
r-devel-linux-x86_64-debian-clang 0.6 2.62 20.67 23.29 NOTE
r-devel-linux-x86_64-debian-gcc 0.6 2.01 16.79 18.80 NOTE
r-devel-linux-x86_64-fedora-clang 0.6 29.80 NOTE
r-devel-linux-x86_64-fedora-gcc 0.6 27.39 NOTE
r-devel-windows-ix86+x86_64 0.6 7.00 46.00 53.00 OK
r-patched-linux-x86_64 0.6 1.78 20.55 22.33 OK
r-patched-solaris-x86 0.6 43.70 OK
r-release-linux-x86_64 0.6 2.09 20.54 22.63 OK
r-release-windows-ix86+x86_64 0.6 4.00 33.00 37.00 OK
r-release-osx-x86_64 0.6 OK
r-oldrel-windows-ix86+x86_64 0.6 4.00 46.00 50.00 OK
r-oldrel-osx-x86_64 0.6 OK

Check Details

Version: 0.6
Check: for non-standard things in the check directory
Result: NOTE
    Found the following files/directories:
     'c.txt' 'rho.txt' 'sta.txt' 'topo.txt'
Flavors: r-devel-linux-x86_64-debian-clang, r-devel-linux-x86_64-debian-gcc, r-devel-linux-x86_64-fedora-clang, r-devel-linux-x86_64-fedora-gcc