CRAN Package Check Results for Package infraFDTD.assist

Last updated on 2019-12-06 05:46:38 CET.

Flavor Version Tinstall Tcheck Ttotal Status Flags
r-devel-linux-x86_64-debian-clang 0.6 2.81 21.63 24.44 NOTE
r-devel-linux-x86_64-debian-gcc 0.6 2.10 17.44 19.54 NOTE
r-devel-linux-x86_64-fedora-clang 0.6 28.47 NOTE
r-devel-linux-x86_64-fedora-gcc 0.6 27.95 NOTE
r-devel-windows-ix86+x86_64 0.6 5.00 47.00 52.00 OK
r-devel-windows-ix86+x86_64-gcc8 0.6 5.00 33.00 38.00 OK
r-patched-linux-x86_64 0.6 2.20 20.08 22.28 OK
r-patched-solaris-x86 0.6 43.90 OK
r-release-linux-x86_64 0.6 2.05 20.16 22.21 OK
r-release-windows-ix86+x86_64 0.6 6.00 34.00 40.00 OK
r-release-osx-x86_64 0.6 OK
r-oldrel-windows-ix86+x86_64 0.6 3.00 53.00 56.00 OK
r-oldrel-osx-x86_64 0.6 OK

Check Details

Version: 0.6
Check: for non-standard things in the check directory
Result: NOTE
    Found the following files/directories:
     'c.txt' 'rho.txt' 'sta.txt' 'topo.txt'
Flavors: r-devel-linux-x86_64-debian-clang, r-devel-linux-x86_64-debian-gcc, r-devel-linux-x86_64-fedora-clang, r-devel-linux-x86_64-fedora-gcc