CRAN Package Check Results for Package ino

Last updated on 2022-12-09 22:55:54 CET.

Flavor Version Tinstall Tcheck Ttotal Status Flags
r-devel-linux-x86_64-debian-clang 0.2.0 5.48 3.38 8.86 ERROR
r-devel-linux-x86_64-debian-gcc 0.2.0 3.72 2.77 6.49 ERROR
r-devel-linux-x86_64-fedora-clang 0.2.0 22.07 ERROR
r-devel-linux-x86_64-fedora-gcc 0.2.0 22.34 ERROR
r-devel-windows-x86_64 0.2.0 15.00 9.00 24.00 ERROR
r-patched-linux-x86_64 0.2.0 4.83 3.73 8.56 ERROR
r-release-linux-x86_64 0.2.0 5.54 3.53 9.07 ERROR
r-release-macos-arm64 0.2.0 86.00 OK
r-release-macos-x86_64 0.2.0 132.00 OK
r-release-windows-x86_64 0.2.0 26.00 9.00 35.00 ERROR
r-oldrel-macos-arm64 0.2.0 85.00 OK
r-oldrel-macos-x86_64 0.2.0 120.00 OK
r-oldrel-windows-ix86+x86_64 0.2.0 8.00 18.00 26.00 ERROR

Additional issues

M1mac

Check Details

Version: 0.2.0
Check: whether package can be installed
Result: ERROR
    Installation failed.
Flavors: r-devel-linux-x86_64-debian-clang, r-devel-linux-x86_64-debian-gcc, r-devel-linux-x86_64-fedora-clang, r-devel-linux-x86_64-fedora-gcc, r-devel-windows-x86_64, r-patched-linux-x86_64, r-release-linux-x86_64, r-release-windows-x86_64, r-oldrel-windows-ix86+x86_64