CRAN Package Check Results for Package inplace

Last updated on 2022-05-27 06:51:25 CEST.

Flavor Version Tinstall Tcheck Ttotal Status Flags
r-devel-linux-x86_64-debian-clang 0.1.2 106.23 43.12 149.35 NOTE
r-devel-linux-x86_64-debian-gcc 0.1.2 85.37 33.26 118.63 NOTE
r-devel-linux-x86_64-fedora-clang 0.1.2 233.91 NOTE
r-devel-linux-x86_64-fedora-gcc 0.1.2 192.42 NOTE
r-devel-windows-x86_64 0.1.2 89.00 80.00 169.00 NOTE
r-patched-linux-x86_64 0.1.2 83.86 40.80 124.66 NOTE
r-release-linux-x86_64 0.1.2 88.50 41.93 130.43 NOTE
r-release-macos-arm64 0.1.2 42.00 NOTE
r-release-macos-x86_64 0.1.2 65.00 NOTE
r-release-windows-x86_64 0.1.2 89.00 82.00 171.00 NOTE
r-oldrel-macos-arm64 0.1.2 46.00 NOTE
r-oldrel-macos-x86_64 0.1.2 97.00 NOTE
r-oldrel-windows-ix86+x86_64 0.1.2 269.00 91.00 360.00 NOTE

Check Details

Version: 0.1.2
Check: LazyData
Result: NOTE
     'LazyData' is specified without a 'data' directory
Flavors: r-devel-linux-x86_64-debian-clang, r-devel-linux-x86_64-debian-gcc, r-devel-linux-x86_64-fedora-clang, r-devel-linux-x86_64-fedora-gcc, r-devel-windows-x86_64, r-patched-linux-x86_64, r-release-linux-x86_64, r-release-macos-arm64, r-release-macos-x86_64, r-release-windows-x86_64, r-oldrel-macos-arm64, r-oldrel-macos-x86_64, r-oldrel-windows-ix86+x86_64