CRAN Package Check Results for Package installr

Last updated on 2019-02-18 06:47:00 CET.

Flavor Version Tinstall Tcheck Ttotal Status Flags
r-devel-windows-ix86+x86_64 0.21.0 11.00 42.00 53.00 NOTE
r-release-windows-ix86+x86_64 0.21.0 5.00 47.00 52.00 NOTE
r-release-osx-x86_64 0.21.0 OK
r-oldrel-windows-ix86+x86_64 0.21.0 5.00 48.00 53.00 NOTE
r-oldrel-osx-x86_64 0.21.0 OK

Check Details

Version: 0.21.0
Check: dependencies in R code
Result: NOTE
    Missing or unexported object: 'devtools::find_rtools'
Flavors: r-devel-windows-ix86+x86_64, r-release-windows-ix86+x86_64, r-oldrel-windows-ix86+x86_64