CRAN Package Check Results for Package insuranceData

Last updated on 2019-05-27 05:47:39 CEST.

Flavor Version Tinstall Tcheck Ttotal Status Flags
r-devel-linux-x86_64-debian-clang 1.0 1.37 15.33 16.70 NOTE
r-devel-linux-x86_64-debian-gcc 1.0 1.09 12.66 13.75 NOTE
r-devel-linux-x86_64-fedora-clang 1.0 20.93 NOTE
r-devel-linux-x86_64-fedora-gcc 1.0 20.69 NOTE
r-devel-windows-ix86+x86_64 1.0 15.00 33.00 48.00 NOTE
r-patched-linux-x86_64 1.0 NOTE
r-patched-solaris-x86 1.0 35.20 NOTE
r-release-linux-x86_64 1.0 1.25 15.50 16.75 NOTE
r-release-windows-ix86+x86_64 1.0 4.00 24.00 28.00 NOTE
r-release-osx-x86_64 1.0 NOTE
r-oldrel-windows-ix86+x86_64 1.0 2.00 22.00 24.00 NOTE
r-oldrel-osx-x86_64 1.0 NOTE

Check Details

Version: 1.0
Check: DESCRIPTION meta-information
Result: NOTE
    Malformed Title field: should not end in a period.
Flavors: r-devel-linux-x86_64-debian-clang, r-devel-linux-x86_64-debian-gcc, r-devel-linux-x86_64-fedora-clang, r-devel-linux-x86_64-fedora-gcc, r-devel-windows-ix86+x86_64, r-patched-linux-x86_64, r-patched-solaris-x86, r-release-linux-x86_64, r-release-windows-ix86+x86_64, r-release-osx-x86_64, r-oldrel-windows-ix86+x86_64, r-oldrel-osx-x86_64