CRAN Package Check Results for Package intensegRid

Last updated on 2022-05-26 10:54:02 CEST.

Flavor Version Tinstall Tcheck Ttotal Status Flags
r-devel-linux-x86_64-debian-clang 0.1.1 2.47 52.83 55.30 OK
r-devel-linux-x86_64-debian-gcc 0.1.1 2.88 44.05 46.93 OK
r-devel-linux-x86_64-fedora-clang 0.1.1 65.92 NOTE
r-devel-linux-x86_64-fedora-gcc 0.1.1 63.73 NOTE
r-devel-windows-x86_64 0.1.1 27.00 75.00 102.00 OK
r-patched-linux-x86_64 0.1.1 2.26 50.18 52.44 OK
r-release-linux-x86_64 0.1.1 OK
r-release-macos-arm64 0.1.1 28.00 NOTE
r-release-macos-x86_64 0.1.1 49.00 NOTE
r-release-windows-x86_64 0.1.1 32.00 73.00 105.00 OK
r-oldrel-macos-arm64 0.1.1 34.00 NOTE
r-oldrel-macos-x86_64 0.1.1 39.00 NOTE
r-oldrel-windows-ix86+x86_64 0.1.1 8.00 65.00 73.00 OK

Check Details

Version: 0.1.1
Check: dependencies in R code
Result: NOTE
    Namespace in Imports field not imported from: ‘purrr’
     All declared Imports should be used.
Flavors: r-devel-linux-x86_64-fedora-clang, r-devel-linux-x86_64-fedora-gcc, r-release-macos-arm64, r-release-macos-x86_64, r-oldrel-macos-arm64, r-oldrel-macos-x86_64