CRAN Package Check Results for Package interAdapt

Last updated on 2018-08-22 08:48:53 CEST.

Flavor Version Tinstall Tcheck Ttotal Status Flags
r-devel-linux-x86_64-debian-clang 0.1 3.71 46.47 50.18 NOTE
r-devel-linux-x86_64-debian-gcc 0.1 3.34 37.54 40.88 NOTE
r-devel-linux-x86_64-fedora-clang 0.1 58.23 NOTE
r-devel-linux-x86_64-fedora-gcc 0.1 56.49 NOTE
r-devel-windows-ix86+x86_64 0.1 8.00 55.00 63.00 NOTE
r-patched-linux-x86_64 0.1 2.80 40.05 42.85 NOTE
r-patched-solaris-x86 0.1 85.60 NOTE
r-release-linux-x86_64 0.1 3.08 39.89 42.97 NOTE
r-release-windows-ix86+x86_64 0.1 9.00 76.00 85.00 NOTE
r-release-osx-x86_64 0.1 NOTE
r-oldrel-windows-ix86+x86_64 0.1 5.00 76.00 81.00 NOTE
r-oldrel-osx-x86_64 0.1 NOTE

Check Details

Version: 0.1
Check: DESCRIPTION meta-information
Result: NOTE
    Malformed Description field: should contain one or more complete sentences.
Flavors: r-devel-linux-x86_64-debian-clang, r-devel-linux-x86_64-debian-gcc, r-devel-linux-x86_64-fedora-clang, r-devel-linux-x86_64-fedora-gcc, r-devel-windows-ix86+x86_64, r-patched-linux-x86_64, r-patched-solaris-x86, r-release-linux-x86_64, r-release-windows-ix86+x86_64, r-release-osx-x86_64, r-oldrel-windows-ix86+x86_64, r-oldrel-osx-x86_64

Version: 0.1
Check: R code for possible problems
Result: NOTE
    compute_design_performance: no visible global function definition for
     ‘read.csv’
    compute_design_performance : get_power: no visible global function
     definition for ‘rnorm’
    compute_design_performance : power_curve_plot: no visible global
     function definition for ‘plot’
    compute_design_performance : power_curve_plot: no visible global
     function definition for ‘lines’
    compute_design_performance : power_curve_plot: no visible global
     function definition for ‘legend’
    compute_design_performance : expected_sample_size_plot: no visible
     global function definition for ‘plot’
    compute_design_performance : expected_sample_size_plot: no visible
     global function definition for ‘lines’
    compute_design_performance : expected_sample_size_plot: no visible
     global function definition for ‘legend’
    compute_design_performance : expected_duration_plot: no visible global
     function definition for ‘plot’
    compute_design_performance : expected_duration_plot: no visible global
     function definition for ‘lines’
    compute_design_performance : expected_duration_plot: no visible global
     function definition for ‘legend’
    compute_design_performance : boundary_adapt_plot: no visible global
     function definition for ‘matplot’
    compute_design_performance : boundary_adapt_plot: no visible global
     function definition for ‘legend’
    compute_design_performance : boundary_standard_H0C_plot: no visible
     global function definition for ‘matplot’
    compute_design_performance : boundary_standard_H0C_plot: no visible
     global function definition for ‘legend’
    compute_design_performance : boundary_standard_H01_plot: no visible
     global function definition for ‘matplot’
    compute_design_performance : boundary_standard_H01_plot: no visible
     global function definition for ‘legend’
    Undefined global functions or variables:
     legend lines matplot plot read.csv rnorm
    Consider adding
     importFrom("graphics", "legend", "lines", "matplot", "plot")
     importFrom("stats", "rnorm")
     importFrom("utils", "read.csv")
    to your NAMESPACE file.
Flavors: r-devel-linux-x86_64-debian-clang, r-devel-linux-x86_64-debian-gcc, r-devel-linux-x86_64-fedora-clang, r-devel-linux-x86_64-fedora-gcc, r-devel-windows-ix86+x86_64, r-patched-linux-x86_64, r-patched-solaris-x86, r-release-linux-x86_64, r-release-windows-ix86+x86_64, r-release-osx-x86_64, r-oldrel-windows-ix86+x86_64, r-oldrel-osx-x86_64