CRAN Package Check Results for Package intercure

Last updated on 2020-01-19 15:47:34 CET.

Flavor Version Tinstall Tcheck Ttotal Status Flags
r-devel-linux-x86_64-debian-clang 0.1.0 4.22 270.79 275.01 NOTE
r-devel-linux-x86_64-debian-gcc 0.1.0 3.11 189.60 192.71 NOTE
r-devel-linux-x86_64-fedora-clang 0.1.0 301.88 OK
r-devel-linux-x86_64-fedora-gcc 0.1.0 298.79 OK
r-devel-windows-ix86+x86_64 0.1.0 10.00 353.00 363.00 NOTE
r-devel-windows-ix86+x86_64-gcc8 0.1.0 7.00 369.00 376.00 NOTE
r-patched-linux-x86_64 0.1.0 2.79 223.95 226.74 OK
r-patched-solaris-x86 0.1.0 327.00 OK
r-release-linux-x86_64 0.1.0 3.10 225.02 228.12 OK
r-release-windows-ix86+x86_64 0.1.0 11.00 294.00 305.00 OK
r-release-osx-x86_64 0.1.0 OK
r-oldrel-windows-ix86+x86_64 0.1.0 6.00 227.00 233.00 OK
r-oldrel-osx-x86_64 0.1.0 OK

Check Details

Version: 0.1.0
Check: package vignettes
Result: NOTE
    Package vignette with placeholder title 'Vignette Title':
     'intercure.Rmd'
Flavors: r-devel-linux-x86_64-debian-clang, r-devel-linux-x86_64-debian-gcc, r-devel-windows-ix86+x86_64, r-devel-windows-ix86+x86_64-gcc8