CRAN Package Check Results for Package interleave

Last updated on 2022-07-06 10:54:33 CEST.

Flavor Version Tinstall Tcheck Ttotal Status Flags
r-devel-linux-x86_64-debian-clang 0.1.1 33.40 27.68 61.08 NOTE
r-devel-linux-x86_64-debian-gcc 0.1.1 32.85 21.78 54.63 NOTE
r-devel-linux-x86_64-fedora-clang 0.1.1 103.42 NOTE
r-devel-linux-x86_64-fedora-gcc 0.1.1 97.68 NOTE
r-devel-windows-x86_64 0.1.1 52.00 75.00 127.00 NOTE
r-patched-linux-x86_64 0.1.1 31.24 27.17 58.41 NOTE
r-release-linux-x86_64 0.1.1 33.69 27.10 60.79 NOTE
r-release-macos-arm64 0.1.1 28.00 NOTE
r-release-macos-x86_64 0.1.1 38.00 NOTE
r-release-windows-x86_64 0.1.1 46.00 79.00 125.00 NOTE
r-oldrel-macos-arm64 0.1.1 31.00 NOTE
r-oldrel-macos-x86_64 0.1.1 53.00 NOTE
r-oldrel-windows-ix86+x86_64 0.1.1 90.00 71.00 161.00 NOTE

Check Details

Version: 0.1.1
Check: LazyData
Result: NOTE
     'LazyData' is specified without a 'data' directory
Flavors: r-devel-linux-x86_64-debian-clang, r-devel-linux-x86_64-debian-gcc, r-devel-linux-x86_64-fedora-clang, r-devel-linux-x86_64-fedora-gcc, r-devel-windows-x86_64, r-patched-linux-x86_64, r-release-linux-x86_64, r-release-macos-arm64, r-release-macos-x86_64, r-release-windows-x86_64, r-oldrel-macos-arm64, r-oldrel-macos-x86_64, r-oldrel-windows-ix86+x86_64