CRAN Package Check Results for Package internetarchive

Last updated on 2019-05-27 06:49:56 CEST.

Flavor Version Tinstall Tcheck Ttotal Status Flags
r-devel-linux-x86_64-debian-clang 0.1.6 3.01 35.70 38.71 OK
r-devel-linux-x86_64-debian-gcc 0.1.6 2.88 29.14 32.02 OK
r-devel-linux-x86_64-fedora-clang 0.1.6 47.53 OK
r-devel-linux-x86_64-fedora-gcc 0.1.6 45.47 OK
r-devel-windows-ix86+x86_64 0.1.6 7.00 83.00 90.00 OK
r-patched-linux-x86_64 0.1.6 OK
r-patched-solaris-x86 0.1.6 72.10 ERROR
r-release-linux-x86_64 0.1.6 3.21 35.30 38.51 OK
r-release-windows-ix86+x86_64 0.1.6 14.00 79.00 93.00 OK
r-release-osx-x86_64 0.1.6 OK
r-oldrel-windows-ix86+x86_64 0.1.6 7.00 62.00 69.00 OK
r-oldrel-osx-x86_64 0.1.6 OK

Check Details

Version: 0.1.6
Check: examples
Result: ERROR
    Running examples in ‘internetarchive-Ex.R’ failed
    The error most likely occurred in:
    
    > ### Name: ia_item_id
    > ### Title: Access the item IDs from an Internet Archive items
    > ### Aliases: ia_item_id
    >
    > ### ** Examples
    >
    > ats_query <- c("publisher" = "american tract society")
    > ids <- ia_search(ats_query, num_results = 3)
    Error in curl::curl_fetch_memory(url, handle = handle) :
     Timeout was reached: Resolving timed out after 10000 milliseconds
    Calls: ia_search ... request_fetch -> request_fetch.write_memory -> <Anonymous>
    Execution halted
Flavor: r-patched-solaris-x86