CRAN Package Check Results for Package internetarchive

Last updated on 2019-03-24 09:46:52 CET.

Flavor Version Tinstall Tcheck Ttotal Status Flags
r-devel-linux-x86_64-debian-clang 0.1.6 3.50 34.86 38.36 OK
r-devel-linux-x86_64-debian-gcc 0.1.6 2.80 27.98 30.78 OK
r-devel-linux-x86_64-fedora-clang 0.1.6 46.26 OK
r-devel-linux-x86_64-fedora-gcc 0.1.6 43.75 OK
r-devel-windows-ix86+x86_64 0.1.6 11.00 98.00 109.00 OK
r-patched-linux-x86_64 0.1.6 2.29 33.24 35.53 OK
r-patched-solaris-x86 0.1.6 66.50 OK
r-release-linux-x86_64 0.1.6 0.38 2.24 2.62 ERROR
r-release-windows-ix86+x86_64 0.1.6 5.00 61.00 66.00 OK
r-release-osx-x86_64 0.1.6 OK
r-oldrel-windows-ix86+x86_64 0.1.6 5.00 93.00 98.00 OK
r-oldrel-osx-x86_64 0.1.6 OK

Check Details

Version: 0.1.6
Check: whether package can be installed
Result: ERROR
    Installation failed.
Flavor: r-release-linux-x86_64