CRAN Package Check Results for Package internetarchive

Last updated on 2017-07-28 17:46:24.

Flavor Version Tinstall Tcheck Ttotal Status Flags
r-devel-linux-x86_64-debian-clang 0.1.6 1.16 38.04 39.21 OK
r-devel-linux-x86_64-debian-gcc 0.1.6 1.24 37.79 39.04 OK
r-devel-linux-x86_64-fedora-clang 0.1.6 40.37 OK
r-devel-linux-x86_64-fedora-gcc 0.1.6 40.82 OK
r-devel-windows-ix86+x86_64 0.1.6 5.00 57.00 62.00 OK
r-patched-linux-x86_64 0.1.6 1.20 37.39 38.59 OK
r-patched-solaris-x86 0.1.6 59.10 ERROR
r-release-linux-x86_64 0.1.6 1.33 38.83 40.16 OK
r-release-windows-ix86+x86_64 0.1.6 9.00 87.00 96.00 OK
r-release-osx-x86_64 0.1.6 OK
r-oldrel-windows-ix86+x86_64 0.1.6 4.00 53.00 57.00 OK
r-oldrel-osx-x86_64 0.1.6 OK

Check Details

Version: 0.1.6
Check: examples
Result: ERROR
    Running examples in ‘internetarchive-Ex.R’ failed
    The error most likely occurred in:
    
    > ### Name: ia_item_id
    > ### Title: Access the item IDs from an Internet Archive items
    > ### Aliases: ia_item_id
    >
    > ### ** Examples
    >
    > ats_query <- c("publisher" = "american tract society")
    > ids <- ia_search(ats_query, num_results = 3)
    Error in curl::curl_fetch_memory(url, handle = handle) :
     Timeout was reached: Operation timed out after 0 milliseconds with 0 out of 0 bytes received
    Calls: ia_search ... request_fetch -> request_fetch.write_memory -> <Anonymous> -> .Call
    Execution halted
Flavor: r-patched-solaris-x86

Version: 0.1.6
Check: tests
Result: ERROR
     Running ‘testthat.R’ [3s/23s]
    Running the tests in ‘tests/testthat.R’ failed.
    Complete output:
     > library(testthat)
     > library(internetarchive)
     >
     > test_check("internetarchive")
     Error in curl::curl_fetch_disk(url, x$path, handle = handle) :
     Timeout was reached: Operation timed out after 0 milliseconds with 0 out of 0 bytes received
     Calls: test_check ... request_fetch -> request_fetch.write_disk -> <Anonymous> -> .Call
     testthat results ================================================================
     OK: 1 SKIPPED: 0 FAILED: 0
     Execution halted
Flavor: r-patched-solaris-x86