CRAN Package Check Results for Package internetarchive

Last updated on 2017-11-23 02:47:25 CET.

Flavor Version Tinstall Tcheck Ttotal Status Flags
r-devel-linux-x86_64-debian-clang 0.1.6 1.14 44.25 45.39 OK
r-devel-linux-x86_64-debian-gcc 0.1.6 1.41 67.51 68.92 OK
r-devel-linux-x86_64-fedora-clang 0.1.6 36.62 OK
r-devel-linux-x86_64-fedora-gcc 0.1.6 80.06 OK
r-devel-windows-ix86+x86_64 0.1.6 3.00 80.00 83.00 OK
r-patched-linux-x86_64 0.1.6 1.26 40.93 42.19 OK
r-patched-solaris-x86 0.1.6 56.40 ERROR
r-release-linux-x86_64 0.1.6 1.43 34.06 35.49 OK
r-release-windows-ix86+x86_64 0.1.6 5.00 61.00 66.00 OK
r-release-osx-x86_64 0.1.6 OK
r-oldrel-windows-ix86+x86_64 0.1.6 4.00 50.00 54.00 OK
r-oldrel-osx-x86_64 0.1.6 OK

Check Details

Version: 0.1.6
Check: tests
Result: ERROR
     Running ‘testthat.R’ [2s/13s]
    Running the tests in ‘tests/testthat.R’ failed.
    Complete output:
     > library(testthat)
     > library(internetarchive)
     >
     > test_check("internetarchive")
     Error in curl::curl_fetch_memory(url, handle = handle) :
     Timeout was reached: Operation timed out after 0 milliseconds with 0 out of 0 bytes received
     Calls: test_check ... request_fetch -> request_fetch.write_memory -> <Anonymous> -> .Call
     testthat results ================================================================
     OK: 1 SKIPPED: 0 FAILED: 0
     Execution halted
Flavor: r-patched-solaris-x86