Last updated on 2022-07-03 04:49:03 CEST.
Flavor | Version | Tinstall | Tcheck | Ttotal | Status | Flags |
---|---|---|---|---|---|---|
r-devel-linux-x86_64-debian-clang | 0.2.3 | 17.28 | 152.60 | 169.88 | NOTE | |
r-devel-linux-x86_64-debian-gcc | 0.2.3 | 15.26 | 111.86 | 127.12 | NOTE | |
r-devel-linux-x86_64-fedora-clang | 0.2.3 | 211.03 | NOTE | |||
r-devel-linux-x86_64-fedora-gcc | 0.2.3 | 206.69 | NOTE | |||
r-devel-windows-x86_64 | 0.2.3 | 25.00 | 167.00 | 192.00 | NOTE | |
r-patched-linux-x86_64 | 0.2.3 | 16.05 | 141.75 | 157.80 | NOTE | |
r-release-linux-x86_64 | 0.2.3 | 17.17 | 145.11 | 162.28 | NOTE | |
r-release-macos-arm64 | 0.2.3 | 62.00 | NOTE | |||
r-release-macos-x86_64 | 0.2.3 | 93.00 | NOTE | |||
r-release-windows-x86_64 | 0.2.3 | 24.00 | 172.00 | 196.00 | NOTE | |
r-oldrel-macos-arm64 | 0.2.3 | 81.00 | NOTE | |||
r-oldrel-macos-x86_64 | 0.2.3 | 132.00 | NOTE | |||
r-oldrel-windows-ix86+x86_64 | 0.2.3 | 35.00 | 167.00 | 202.00 | NOTE |
Version: 0.2.3
Check: LazyData
Result: NOTE
'LazyData' is specified without a 'data' directory
Flavors: r-devel-linux-x86_64-debian-clang, r-devel-linux-x86_64-debian-gcc, r-devel-linux-x86_64-fedora-clang, r-devel-linux-x86_64-fedora-gcc, r-devel-windows-x86_64, r-patched-linux-x86_64, r-release-linux-x86_64, r-release-macos-arm64, r-release-macos-x86_64, r-release-windows-x86_64, r-oldrel-macos-arm64, r-oldrel-macos-x86_64, r-oldrel-windows-ix86+x86_64