CRAN Package Check Results for Package investr

Last updated on 2022-09-25 03:54:32 CEST.

Flavor Version Tinstall Tcheck Ttotal Status Flags
r-devel-linux-x86_64-debian-clang 1.4.2 3.44 54.02 57.46 OK
r-devel-linux-x86_64-debian-gcc 1.4.2 3.57 40.72 44.29 OK
r-devel-linux-x86_64-fedora-clang 1.4.2 84.64 NOTE
r-devel-linux-x86_64-fedora-gcc 1.4.2 85.59 OK
r-devel-windows-x86_64 1.4.2 23.00 122.00 145.00 OK
r-patched-linux-x86_64 1.4.2 3.31 49.30 52.61 OK
r-release-linux-x86_64 1.4.2 3.23 50.53 53.76 OK
r-release-macos-arm64 1.4.2 27.00 OK
r-release-macos-x86_64 1.4.2 37.00 OK
r-release-windows-x86_64 1.4.2 30.00 119.00 149.00 OK
r-oldrel-macos-arm64 1.4.2 27.00 OK
r-oldrel-macos-x86_64 1.4.2 35.00 OK
r-oldrel-windows-ix86+x86_64 1.4.2 8.00 89.00 97.00 OK

Check Details

Version: 1.4.2
Check: Rd cross-references
Result: NOTE
    Undeclared packages ‘nlstools’, ‘lme4’ in Rd xrefs
Flavor: r-devel-linux-x86_64-fedora-clang