CRAN Package Check Results for Package io

Last updated on 2018-11-15 13:47:38 CET.

Flavor Version Tinstall Tcheck Ttotal Status Flags
r-devel-linux-x86_64-debian-clang 0.3.0 2.48 28.58 31.06 NOTE
r-devel-linux-x86_64-debian-gcc 0.3.0 1.88 23.75 25.63 OK
r-devel-linux-x86_64-fedora-clang 0.3.0 36.78 OK
r-devel-linux-x86_64-fedora-gcc 0.3.0 35.95 OK
r-devel-windows-ix86+x86_64 0.3.0 4.00 53.00 57.00 OK
r-patched-linux-x86_64 0.3.0 2.37 24.14 26.51 ERROR
r-patched-solaris-x86 0.3.0 50.60 NOTE
r-release-linux-x86_64 0.3.0 2.62 23.95 26.57 ERROR
r-release-windows-ix86+x86_64 0.3.0 6.00 57.00 63.00 OK
r-release-osx-x86_64 0.3.0 OK
r-oldrel-windows-ix86+x86_64 0.3.0 7.00 40.00 47.00 OK
r-oldrel-osx-x86_64 0.3.0 NOTE

Check Details

Version: 0.3.0
Check: package dependencies
Result: NOTE
    Package suggested but not available for checking: ‘rhdf5’
Flavors: r-devel-linux-x86_64-debian-clang, r-patched-solaris-x86, r-oldrel-osx-x86_64

Version: 0.3.0
Check: tests
Result: ERROR
     Running ‘testthat.R’ [1s/1s]
    Running the tests in ‘tests/testthat.R’ failed.
    Complete output:
     > library(testthat)
     > library(stringr)
     > library(io)
     Loading required package: filenamer
     >
     > test_check("io")
     ── 1. Error: (unknown) (@test_read-write-read.R#8) ────────────────────────────
     no applicable method for 'h5write' applied to an object of class "character"
     1: test_read_write_read(f) at testthat/test_read-write-read.R:8
     2: qwrite(x, outfile) at /home/hornik/tmp/R.check/r-patched-gcc/Work/PKGS/io.Rcheck/tests/testthat/helper.R:48
     3: .qwrite(x, if (is.filename(file)) as.character(file) else file, if (is.null(type)) .infer_file_type(file) else type,
     ...)
     4: qwrite.hdf5(x, if (is.filename(file)) as.character(file) else file, if (is.null(type)) .infer_file_type(file) else type,
     ...)
     5: .write_hdf5_array(x, file)
     6: rhdf5::h5write("array", file, "type")
    
     ══ testthat results ═══════════════════════════════════════════════════════════
     OK: 0 SKIPPED: 0 FAILED: 1
     1. Error: (unknown) (@test_read-write-read.R#8)
    
     Error: testthat unit tests failed
     Execution halted
Flavor: r-patched-linux-x86_64

Version: 0.3.0
Check: tests
Result: ERROR
     Running ‘testthat.R’ [1s/1s]
    Running the tests in ‘tests/testthat.R’ failed.
    Complete output:
     > library(testthat)
     > library(stringr)
     > library(io)
     Loading required package: filenamer
     >
     > test_check("io")
     ── 1. Error: (unknown) (@test_read-write-read.R#8) ────────────────────────────
     no applicable method for 'h5write' applied to an object of class "character"
     1: test_read_write_read(f) at testthat/test_read-write-read.R:8
     2: qwrite(x, outfile) at /home/hornik/tmp/R.check/r-release-gcc/Work/PKGS/io.Rcheck/tests/testthat/helper.R:48
     3: .qwrite(x, if (is.filename(file)) as.character(file) else file, if (is.null(type)) .infer_file_type(file) else type,
     ...)
     4: qwrite.hdf5(x, if (is.filename(file)) as.character(file) else file, if (is.null(type)) .infer_file_type(file) else type,
     ...)
     5: .write_hdf5_array(x, file)
     6: rhdf5::h5write("array", file, "type")
    
     ══ testthat results ═══════════════════════════════════════════════════════════
     OK: 0 SKIPPED: 0 FAILED: 1
     1. Error: (unknown) (@test_read-write-read.R#8)
    
     Error: testthat unit tests failed
     Execution halted
Flavor: r-release-linux-x86_64