CRAN Package Check Results for Package io

Last updated on 2018-08-19 22:53:18 CEST.

Flavor Version Tinstall Tcheck Ttotal Status Flags
r-devel-linux-x86_64-debian-clang 0.3.0 2.60 27.24 29.84 ERROR
r-devel-linux-x86_64-debian-gcc 0.3.0 2.07 21.80 23.87 ERROR
r-devel-linux-x86_64-fedora-clang 0.3.0 36.90 OK
r-devel-linux-x86_64-fedora-gcc 0.3.0 35.88 OK
r-devel-windows-ix86+x86_64 0.3.0 5.00 55.00 60.00 OK
r-patched-linux-x86_64 0.3.0 2.55 23.99 26.54 ERROR
r-patched-solaris-x86 0.3.0 50.90 NOTE
r-release-linux-x86_64 0.3.0 2.68 23.93 26.61 ERROR
r-release-windows-ix86+x86_64 0.3.0 6.00 36.00 42.00 OK
r-release-osx-x86_64 0.3.0 OK
r-oldrel-windows-ix86+x86_64 0.3.0 3.00 50.00 53.00 OK
r-oldrel-osx-x86_64 0.3.0 NOTE

Check Details

Version: 0.3.0
Check: tests
Result: ERROR
     Running ‘testthat.R’ [1s/1s]
    Running the tests in ‘tests/testthat.R’ failed.
    Complete output:
     > library(testthat)
     > library(stringr)
     > library(io)
     Loading required package: filenamer
     >
     > test_check("io")
     ── 1. Error: (unknown) (@test_read-write-read.R#8) ────────────────────────────
     no applicable method for 'h5write' applied to an object of class "character"
     1: test_read_write_read(f) at testthat/test_read-write-read.R:8
     2: qwrite(x, outfile) at /home/hornik/tmp/R.check/r-devel-clang/Work/PKGS/io.Rcheck/tests/testthat/helper.R:48
     3: .qwrite(x, if (is.filename(file)) as.character(file) else file, if (is.null(type)) .infer_file_type(file) else type,
     ...)
     4: qwrite.hdf5(x, if (is.filename(file)) as.character(file) else file, if (is.null(type)) .infer_file_type(file) else type,
     ...)
     5: .write_hdf5_array(x, file)
     6: rhdf5::h5write("array", file, "type")
    
     ══ testthat results ═══════════════════════════════════════════════════════════
     OK: 0 SKIPPED: 0 FAILED: 1
     1. Error: (unknown) (@test_read-write-read.R#8)
    
     Error: testthat unit tests failed
     Execution halted
Flavor: r-devel-linux-x86_64-debian-clang

Version: 0.3.0
Check: tests
Result: ERROR
     Running ‘testthat.R’ [1s/1s]
    Running the tests in ‘tests/testthat.R’ failed.
    Complete output:
     > library(testthat)
     > library(stringr)
     > library(io)
     Loading required package: filenamer
     >
     > test_check("io")
     ── 1. Error: (unknown) (@test_read-write-read.R#8) ────────────────────────────
     no applicable method for 'h5write' applied to an object of class "character"
     1: test_read_write_read(f) at testthat/test_read-write-read.R:8
     2: qwrite(x, outfile) at /home/hornik/tmp/R.check/r-devel-gcc/Work/PKGS/io.Rcheck/tests/testthat/helper.R:48
     3: .qwrite(x, if (is.filename(file)) as.character(file) else file, if (is.null(type)) .infer_file_type(file) else type,
     ...)
     4: qwrite.hdf5(x, if (is.filename(file)) as.character(file) else file, if (is.null(type)) .infer_file_type(file) else type,
     ...)
     5: .write_hdf5_array(x, file)
     6: rhdf5::h5write("array", file, "type")
    
     ══ testthat results ═══════════════════════════════════════════════════════════
     OK: 0 SKIPPED: 0 FAILED: 1
     1. Error: (unknown) (@test_read-write-read.R#8)
    
     Error: testthat unit tests failed
     Execution halted
Flavor: r-devel-linux-x86_64-debian-gcc

Version: 0.3.0
Check: tests
Result: ERROR
     Running ‘testthat.R’ [1s/1s]
    Running the tests in ‘tests/testthat.R’ failed.
    Complete output:
     > library(testthat)
     > library(stringr)
     > library(io)
     Loading required package: filenamer
     >
     > test_check("io")
     ── 1. Error: (unknown) (@test_read-write-read.R#8) ────────────────────────────
     no applicable method for 'h5write' applied to an object of class "character"
     1: test_read_write_read(f) at testthat/test_read-write-read.R:8
     2: qwrite(x, outfile) at /home/hornik/tmp/R.check/r-patched-gcc/Work/PKGS/io.Rcheck/tests/testthat/helper.R:48
     3: .qwrite(x, if (is.filename(file)) as.character(file) else file, if (is.null(type)) .infer_file_type(file) else type,
     ...)
     4: qwrite.hdf5(x, if (is.filename(file)) as.character(file) else file, if (is.null(type)) .infer_file_type(file) else type,
     ...)
     5: .write_hdf5_array(x, file)
     6: rhdf5::h5write("array", file, "type")
    
     ══ testthat results ═══════════════════════════════════════════════════════════
     OK: 0 SKIPPED: 0 FAILED: 1
     1. Error: (unknown) (@test_read-write-read.R#8)
    
     Error: testthat unit tests failed
     Execution halted
Flavor: r-patched-linux-x86_64

Version: 0.3.0
Check: package dependencies
Result: NOTE
    Package suggested but not available for checking: ‘rhdf5’
Flavors: r-patched-solaris-x86, r-oldrel-osx-x86_64

Version: 0.3.0
Check: tests
Result: ERROR
     Running ‘testthat.R’ [1s/1s]
    Running the tests in ‘tests/testthat.R’ failed.
    Complete output:
     > library(testthat)
     > library(stringr)
     > library(io)
     Loading required package: filenamer
     >
     > test_check("io")
     ── 1. Error: (unknown) (@test_read-write-read.R#8) ────────────────────────────
     no applicable method for 'h5write' applied to an object of class "character"
     1: test_read_write_read(f) at testthat/test_read-write-read.R:8
     2: qwrite(x, outfile) at /home/hornik/tmp/R.check/r-release-gcc/Work/PKGS/io.Rcheck/tests/testthat/helper.R:48
     3: .qwrite(x, if (is.filename(file)) as.character(file) else file, if (is.null(type)) .infer_file_type(file) else type,
     ...)
     4: qwrite.hdf5(x, if (is.filename(file)) as.character(file) else file, if (is.null(type)) .infer_file_type(file) else type,
     ...)
     5: .write_hdf5_array(x, file)
     6: rhdf5::h5write("array", file, "type")
    
     ══ testthat results ═══════════════════════════════════════════════════════════
     OK: 0 SKIPPED: 0 FAILED: 1
     1. Error: (unknown) (@test_read-write-read.R#8)
    
     Error: testthat unit tests failed
     Execution halted
Flavor: r-release-linux-x86_64