CRAN Package Check Results for Package io

Last updated on 2022-05-24 22:50:09 CEST.

Flavor Version Tinstall Tcheck Ttotal Status Flags
r-devel-linux-x86_64-debian-clang 0.3.2 4.27 42.70 46.97 OK
r-devel-linux-x86_64-debian-gcc 0.3.2 2.10 32.93 35.03 OK
r-devel-linux-x86_64-fedora-clang 0.3.2 59.14 OK
r-devel-linux-x86_64-fedora-gcc 0.3.2 54.98 OK
r-devel-windows-x86_64 0.3.2 21.00 59.00 80.00 OK
r-patched-linux-x86_64 0.3.2 3.13 41.30 44.43 OK
r-release-linux-x86_64 0.3.2 OK
r-release-macos-arm64 0.3.2 21.00 NOTE
r-release-macos-x86_64 0.3.2 26.00 OK
r-release-windows-x86_64 0.3.2 22.00 59.00 81.00 OK
r-oldrel-macos-arm64 0.3.2 24.00 OK
r-oldrel-macos-x86_64 0.3.2 35.00 OK
r-oldrel-windows-ix86+x86_64 0.3.2 8.00 53.00 61.00 OK

Check Details

Version: 0.3.2
Check: package dependencies
Result: NOTE
    Package suggested but not available for checking: ‘rhdf5’
Flavor: r-release-macos-arm64