CRAN Package Check Results for Package io

Last updated on 2024-04-12 16:55:47 CEST.

Flavor Version Tinstall Tcheck Ttotal Status Flags
r-devel-linux-x86_64-debian-clang 0.3.2 5.23 43.09 48.32 OK
r-devel-linux-x86_64-debian-gcc 0.3.2 4.18 32.33 36.51 OK
r-devel-linux-x86_64-fedora-clang 0.3.2 59.96 OK
r-devel-linux-x86_64-fedora-gcc 0.3.2 56.02 OK
r-devel-windows-x86_64 0.3.2 6.00 49.00 55.00 OK
r-patched-linux-x86_64 0.3.2 4.90 41.98 46.88 OK
r-release-linux-x86_64 0.3.2 4.23 41.32 45.55 OK
r-release-macos-arm64 0.3.2 22.00 NOTE
r-release-macos-x86_64 0.3.2 30.00 NOTE
r-release-windows-x86_64 0.3.2 7.00 53.00 60.00 OK
r-oldrel-macos-arm64 0.3.2 21.00 NOTE
r-oldrel-windows-x86_64 0.3.2 7.00 63.00 70.00 OK

Check Details

Version: 0.3.2
Check: package dependencies
Result: NOTE Package suggested but not available for checking: ‘rhdf5’ Flavors: r-release-macos-arm64, r-release-macos-x86_64, r-oldrel-macos-arm64