CRAN Package Check Results for Package io

Last updated on 2020-02-20 21:47:30 CET.

Flavor Version Tinstall Tcheck Ttotal Status Flags
r-devel-linux-x86_64-debian-clang 0.3.2 4.24 31.38 35.62 OK
r-devel-linux-x86_64-debian-gcc 0.3.2 3.02 24.35 27.37 OK
r-devel-linux-x86_64-fedora-clang 0.3.2 50.18 OK
r-devel-linux-x86_64-fedora-gcc 0.3.2 43.09 OK
r-devel-windows-ix86+x86_64 0.3.2 7.00 46.00 53.00 OK
r-devel-windows-ix86+x86_64-gcc8 0.3.2 10.00 64.00 74.00 OK
r-patched-linux-x86_64 0.3.2 3.10 28.31 31.41 OK
r-patched-solaris-x86 0.3.2 55.90 ERROR
r-release-linux-x86_64 0.3.2 2.87 28.09 30.96 OK
r-release-windows-ix86+x86_64 0.3.2 5.00 46.00 51.00 OK
r-release-osx-x86_64 0.3.2 OK
r-oldrel-windows-ix86+x86_64 0.3.2 4.00 38.00 42.00 OK
r-oldrel-osx-x86_64 0.3.2 NOTE

Check Details

Version: 0.3.2
Check: tests
Result: ERROR
     Running ‘testthat.R’
    Running the tests in ‘tests/testthat.R’ failed.
    Complete output:
     > library(testthat)
     > library(stringr)
     > library(io)
     Loading required package: filenamer
     >
     > test_check("io")
     ── 1. Error: (unknown) (@test_read-write-read.R#8) ────────────────────────────
     HDF5. File accessibilty. Unable to open file.
     Backtrace:
     1. io:::test_read_write_read(f)
     2. io::qread(infile) /home/ripley/R/packages/tests32/io.Rcheck/tests/helper.R:47:8
     4. io:::qread.hdf5(...)
     10. rhdf5::h5ls(file)
     11. rhdf5:::h5checktypeOrOpenLoc(file, readonly = TRUE, native = native)
     12. rhdf5::H5Fopen(file, "H5F_ACC_RDONLY", native = native)
    
     ══ testthat results ═══════════════════════════════════════════════════════════
     [ OK: 0 | SKIPPED: 0 | WARNINGS: 0 | FAILED: 1 ]
     1. Error: (unknown) (@test_read-write-read.R#8)
    
     Error: testthat unit tests failed
     Execution halted
Flavor: r-patched-solaris-x86

Version: 0.3.2
Check: dependencies in R code
Result: NOTE
    Missing or unexported objects:
     ‘rhdf5::h5disableFileLocking’ ‘rhdf5::h5enableFileLocking’
     ‘rhdf5::h5testFileLocking’
Flavor: r-oldrel-osx-x86_64