CRAN Package Check Results for Package io

Last updated on 2019-02-19 22:51:32 CET.

Flavor Version Tinstall Tcheck Ttotal Status Flags
r-devel-linux-x86_64-debian-clang 0.3.0 2.98 28.08 31.06 NOTE
r-devel-linux-x86_64-debian-gcc 0.3.0 2.29 22.60 24.89 OK
r-devel-linux-x86_64-fedora-clang 0.3.0 37.95 OK
r-devel-linux-x86_64-fedora-gcc 0.3.0 35.58 OK
r-devel-windows-ix86+x86_64 0.3.0 6.00 53.00 59.00 OK
r-patched-linux-x86_64 0.3.0 2.01 25.65 27.66 OK
r-patched-solaris-x86 0.3.0 48.80 ERROR
r-release-linux-x86_64 0.3.0 2.71 25.96 28.67 OK
r-release-windows-ix86+x86_64 0.3.0 4.00 53.00 57.00 OK
r-release-osx-x86_64 0.3.0 OK
r-oldrel-windows-ix86+x86_64 0.3.0 4.00 41.00 45.00 OK
r-oldrel-osx-x86_64 0.3.0 NOTE

Check Details

Version: 0.3.0
Check: package dependencies
Result: NOTE
    Package suggested but not available for checking: ‘rhdf5’
Flavors: r-devel-linux-x86_64-debian-clang, r-oldrel-osx-x86_64

Version: 0.3.0
Check: tests
Result: ERROR
     Running ‘testthat.R’
    Running the tests in ‘tests/testthat.R’ failed.
    Complete output:
     > library(testthat)
     > library(stringr)
     > library(io)
     Loading required package: filenamer
     >
     > test_check("io")
     ── 1. Error: (unknown) (@test_read-write-read.R#8) ────────────────────────────
     HDF5. File accessibilty. Unable to open file.
     1: test_read_write_read(f) at testthat/test_read-write-read.R:8
     2: qread(infile) at /home/ripley/R/packages/tests32/io.Rcheck/tests/testthat/helper.R:47
     3: .qread(file, if (is.null(type)) .infer_file_type(file) else type, ...)
     4: qread.hdf5(file, if (is.null(type)) .infer_file_type(file) else type, ...)
     5: trimws(rhdf5::h5ls(file)$name)
     6: mysub("[ \t\r\n]+$", mysub("^[ \t\r\n]+", x))
     7: sub(re, "", x, perl = TRUE)
     8: mysub("^[ \t\r\n]+", x)
     9: sub(re, "", x, perl = TRUE)
     10: rhdf5::h5ls(file)
     11: h5checktypeOrOpenLoc(file, readonly = TRUE, native = native)
     12: H5Fopen(file, "H5F_ACC_RDONLY", native = native)
    
     ══ testthat results ═══════════════════════════════════════════════════════════
     OK: 0 SKIPPED: 0 FAILED: 1
     1. Error: (unknown) (@test_read-write-read.R#8)
    
     Error: testthat unit tests failed
     Execution halted
Flavor: r-patched-solaris-x86