CRAN Package Check Results for Package ipaddress

Last updated on 2024-02-29 12:54:53 CET.

Flavor Version Tinstall Tcheck Ttotal Status Flags
r-devel-linux-x86_64-debian-clang 1.0.2 160.60 78.10 238.70 OK
r-devel-linux-x86_64-debian-gcc 1.0.2 132.71 58.52 191.23 OK
r-devel-linux-x86_64-fedora-clang 1.0.2 352.33 OK
r-devel-linux-x86_64-fedora-gcc 1.0.2 379.79 OK
r-devel-windows-x86_64 1.0.2 132.00 103.00 235.00 OK
r-patched-linux-x86_64 1.0.2 155.51 75.18 230.69 OK
r-release-linux-x86_64 1.0.2 159.69 73.89 233.58 OK
r-release-macos-arm64 1.0.2 95.00 NOTE
r-release-macos-x86_64 1.0.2 131.00 NOTE
r-release-windows-x86_64 1.0.2 168.00 124.00 292.00 OK
r-oldrel-macos-arm64 1.0.2 81.00 NOTE
r-oldrel-windows-x86_64 1.0.2 149.00 125.00 274.00 OK

Check Details

Version: 1.0.2
Check: installed package size
Result: NOTE installed size is 6.9Mb sub-directories of 1Mb or more: libs 6.4Mb Flavors: r-release-macos-arm64, r-release-macos-x86_64, r-oldrel-macos-arm64