CRAN Package Check Results for Package ipc

Last updated on 2019-05-27 12:51:07 CEST.

Flavor Version Tinstall Tcheck Ttotal Status Flags
r-devel-linux-x86_64-debian-clang 0.1.2 9.16 31.29 40.45 OK
r-devel-linux-x86_64-debian-gcc 0.1.2 7.72 25.67 33.39 OK
r-devel-linux-x86_64-fedora-clang 0.1.2 50.20 OK
r-devel-linux-x86_64-fedora-gcc 0.1.2 48.15 OK
r-devel-windows-ix86+x86_64 0.1.2 13.00 81.00 94.00 OK
r-patched-linux-x86_64 0.1.2 OK
r-patched-solaris-x86 0.1.2 119.90 NOTE
r-release-linux-x86_64 0.1.2 9.41 31.71 41.12 OK
r-release-windows-ix86+x86_64 0.1.2 19.00 78.00 97.00 OK
r-release-osx-x86_64 0.1.2 OK
r-oldrel-windows-ix86+x86_64 0.1.2 19.00 90.00 109.00 OK
r-oldrel-osx-x86_64 0.1.2 OK

Check Details

Version: 0.1.2
Check: package dependencies
Result: NOTE
    Package suggested but not available for checking: ‘redux’
Flavor: r-patched-solaris-x86