CRAN Package Check Results for Package ipc

Last updated on 2021-03-05 13:48:26 CET.

Flavor Version Tinstall Tcheck Ttotal Status Flags
r-devel-linux-x86_64-debian-clang 0.1.3 8.19 30.11 38.30 OK
r-devel-linux-x86_64-debian-gcc 0.1.3 8.24 24.00 32.24 OK
r-devel-linux-x86_64-fedora-clang 0.1.3 58.28 OK
r-devel-linux-x86_64-fedora-gcc 0.1.3 49.00 OK
r-devel-windows-ix86+x86_64 0.1.3 17.00 64.00 81.00 OK
r-patched-linux-x86_64 0.1.3 OK
r-patched-solaris-x86 0.1.3 86.50 NOTE
r-release-linux-x86_64 0.1.3 8.25 29.25 37.50 OK
r-release-macos-x86_64 0.1.3 OK
r-release-windows-ix86+x86_64 0.1.3 13.00 43.00 56.00 OK
r-oldrel-macos-x86_64 0.1.3 OK
r-oldrel-windows-ix86+x86_64 0.1.3 8.00 43.00 51.00 OK

Check Details

Version: 0.1.3
Check: package dependencies
Result: NOTE
    Package suggested but not available for checking: ‘redux’
Flavor: r-patched-solaris-x86