CRAN Package Check Results for Package ipc

Last updated on 2019-08-24 11:46:50 CEST.

Flavor Version Tinstall Tcheck Ttotal Status Flags
r-devel-linux-x86_64-debian-clang 0.1.3 7.91 25.89 33.80 OK
r-devel-linux-x86_64-debian-gcc 0.1.3 6.35 21.05 27.40 OK
r-devel-linux-x86_64-fedora-clang 0.1.3 42.24 OK
r-devel-linux-x86_64-fedora-gcc 0.1.3 41.66 OK
r-devel-windows-ix86+x86_64 0.1.3 14.00 51.00 65.00 OK
r-patched-linux-x86_64 0.1.3 8.94 25.87 34.81 OK
r-patched-solaris-x86 0.1.3 104.60 NOTE
r-release-linux-x86_64 0.1.3 7.94 26.00 33.94 OK
r-release-windows-ix86+x86_64 0.1.3 15.00 83.00 98.00 OK
r-release-osx-x86_64 0.1.3 OK
r-oldrel-windows-ix86+x86_64 0.1.3 14.00 72.00 86.00 OK
r-oldrel-osx-x86_64 0.1.3 OK

Check Details

Version: 0.1.3
Check: package dependencies
Result: NOTE
    Package suggested but not available for checking: ‘redux’
Flavor: r-patched-solaris-x86