CRAN Package Check Results for Package ipfr

Last updated on 2020-08-12 00:48:34 CEST.

Flavor Version Tinstall Tcheck Ttotal Status Flags
r-devel-linux-x86_64-debian-clang 1.0.2 5.63 164.89 170.52 OK
r-devel-linux-x86_64-debian-gcc 1.0.2 0.36 2.06 2.42 ERROR
r-devel-linux-x86_64-fedora-clang 1.0.2 199.75 OK
r-devel-linux-x86_64-fedora-gcc 1.0.2 193.08 OK
r-devel-windows-ix86+x86_64 1.0.2 13.00 224.00 237.00 OK
r-patched-linux-x86_64 1.0.2 5.56 158.15 163.71 OK
r-patched-solaris-x86 1.0.2 277.20 OK
r-release-linux-x86_64 1.0.2 0.45 2.58 3.03 ERROR
r-release-macos-x86_64 1.0.2 OK
r-release-windows-ix86+x86_64 1.0.2 23.00 212.00 235.00 OK
r-oldrel-macos-x86_64 1.0.2 OK
r-oldrel-windows-ix86+x86_64 1.0.2 10.00 160.00 170.00 OK

Check Details

Version: 1.0.2
Check: package dependencies
Result: ERROR
    Package required but not available: ‘tidyr’
    
    See section ‘The DESCRIPTION file’ in the ‘Writing R Extensions’
    manual.
Flavors: r-devel-linux-x86_64-debian-gcc, r-release-linux-x86_64