CRAN Package Check Results for Package ipfr

Last updated on 2025-01-20 15:48:25 CET.

Flavor Version Tinstall Tcheck Ttotal Status Flags
r-devel-linux-x86_64-debian-clang 1.0.2 5.11 132.46 137.57 OK
r-devel-linux-x86_64-debian-gcc 1.0.2 3.40 93.19 96.59 OK
r-devel-linux-x86_64-fedora-clang 1.0.2 217.50 OK
r-devel-linux-x86_64-fedora-gcc 1.0.2 233.18 OK
r-devel-windows-x86_64 1.0.2 6.00 125.00 131.00 OK
r-patched-linux-x86_64 1.0.2 5.35 121.78 127.13 NOTE
r-release-linux-x86_64 1.0.2 5.25 124.79 130.04 NOTE
r-release-macos-arm64 1.0.2 65.00 NOTE
r-release-macos-x86_64 1.0.2 102.00 NOTE
r-release-windows-x86_64 1.0.2 8.00 131.00 139.00 NOTE
r-oldrel-macos-arm64 1.0.2 79.00 NOTE
r-oldrel-macos-x86_64 1.0.2 121.00 NOTE
r-oldrel-windows-x86_64 1.0.2 9.00 165.00 174.00 NOTE

Check Details

Version: 1.0.2
Check: LazyData
Result: NOTE 'LazyData' is specified without a 'data' directory Flavors: r-patched-linux-x86_64, r-release-linux-x86_64, r-release-macos-arm64, r-release-macos-x86_64, r-release-windows-x86_64, r-oldrel-macos-arm64, r-oldrel-macos-x86_64, r-oldrel-windows-x86_64