Last updated on 2023-12-05 02:55:18 CET.
Flavor | Version | Tinstall | Tcheck | Ttotal | Status | Flags |
---|---|---|---|---|---|---|
r-devel-linux-x86_64-debian-clang | 0.7.3 | 85.31 | 103.77 | 189.08 | NOTE | |
r-devel-linux-x86_64-debian-gcc | 0.7.3 | 56.80 | 78.73 | 135.53 | NOTE | |
r-devel-linux-x86_64-fedora-clang | 0.7.3 | 250.59 | NOTE | |||
r-devel-linux-x86_64-fedora-gcc | 0.7.3 | 258.09 | NOTE | |||
r-devel-windows-x86_64 | 0.7.3 | 66.00 | 114.00 | 180.00 | NOTE | |
r-patched-linux-x86_64 | 0.7.3 | 65.74 | 100.66 | 166.40 | OK | |
r-release-linux-x86_64 | 0.7.3 | 71.04 | 101.63 | 172.67 | OK | |
r-release-macos-arm64 | 0.7.3 | 75.00 | NOTE | |||
r-release-macos-x86_64 | 0.7.3 | 110.00 | NOTE | |||
r-release-windows-x86_64 | 0.7.3 | 84.00 | 145.00 | 229.00 | OK | |
r-oldrel-macos-arm64 | 0.7.3 | 60.00 | NOTE | |||
r-oldrel-macos-x86_64 | 0.7.3 | 103.00 | NOTE | |||
r-oldrel-windows-x86_64 | 0.7.3 | 78.00 | 132.00 | 210.00 | OK |
Version: 0.7.3
Check: Rd metadata
Result: NOTE
Invalid package aliases in Rd file 'iprior_package.Rd':
‘iprior_package-package’
Flavors: r-devel-linux-x86_64-debian-clang, r-devel-linux-x86_64-debian-gcc, r-devel-linux-x86_64-fedora-clang, r-devel-linux-x86_64-fedora-gcc, r-devel-windows-x86_64
Version: 0.7.3
Check: installed package size
Result: NOTE
installed size is 9.1Mb
sub-directories of 1Mb or more:
libs 7.8Mb
Flavors: r-release-macos-arm64, r-release-macos-x86_64, r-oldrel-macos-arm64, r-oldrel-macos-x86_64
Version: 0.7.3
Check: package dependencies
Result: NOTE
Package suggested but not available for checking: ‘caret’
Flavor: r-release-macos-x86_64
Version: 0.7.3
Check: re-building of vignette outputs
Result: NOTE
Note: skipping ‘tecator.Rmd’ due to unavailable dependencies: 'caret'
Flavor: r-release-macos-x86_64