CRAN Package Check Results for Package iprior

Last updated on 2022-12-06 21:51:27 CET.

Flavor Version Tinstall Tcheck Ttotal Status Flags
r-devel-linux-x86_64-debian-clang 0.7.3 79.80 106.50 186.30 OK
r-devel-linux-x86_64-debian-gcc 0.7.3 58.41 83.18 141.59 OK
r-devel-linux-x86_64-fedora-clang 0.7.3 261.87 OK
r-devel-linux-x86_64-fedora-gcc 0.7.3 253.97 OK
r-devel-windows-x86_64 0.7.3 84.00 157.00 241.00 OK
r-patched-linux-x86_64 0.7.3 67.79 100.18 167.97 OK
r-release-linux-x86_64 0.7.3 66.08 97.44 163.52 OK
r-release-macos-arm64 0.7.3 60.00 NOTE
r-release-macos-x86_64 0.7.3 103.00 NOTE
r-release-windows-x86_64 0.7.3 85.00 160.00 245.00 OK
r-oldrel-macos-arm64 0.7.3 69.00 NOTE
r-oldrel-macos-x86_64 0.7.3 96.00 NOTE
r-oldrel-windows-ix86+x86_64 0.7.3 182.00 188.00 370.00 OK

Check Details

Version: 0.7.3
Check: installed package size
Result: NOTE
     installed size is 9.0Mb
     sub-directories of 1Mb or more:
     libs 7.7Mb
Flavors: r-release-macos-arm64, r-release-macos-x86_64, r-oldrel-macos-arm64, r-oldrel-macos-x86_64