CRAN Package Check Results for Package iptools

Last updated on 2022-05-26 12:53:41 CEST.

Flavor Version Tinstall Tcheck Ttotal Status Flags
r-devel-linux-x86_64-debian-clang 0.7.2 43.98 50.48 94.46 OK
r-devel-linux-x86_64-debian-gcc 0.7.2 34.60 43.85 78.45 OK
r-devel-linux-x86_64-fedora-clang 0.7.2 130.25 NOTE
r-devel-linux-x86_64-fedora-gcc 0.7.2 120.16 NOTE
r-devel-windows-x86_64 0.7.2 60.00 98.00 158.00 OK
r-patched-linux-x86_64 0.7.2 36.96 49.23 86.19 OK
r-release-linux-x86_64 0.7.2 OK
r-release-macos-arm64 0.7.2 38.00 NOTE
r-release-macos-x86_64 0.7.2 55.00 NOTE
r-release-windows-x86_64 0.7.2 63.00 100.00 163.00 OK
r-oldrel-macos-arm64 0.7.2 39.00 NOTE
r-oldrel-macos-x86_64 0.7.2 67.00 NOTE
r-oldrel-windows-ix86+x86_64 0.7.2 114.00 96.00 210.00 OK

Check Details

Version: 0.7.2
Check: data for non-ASCII characters
Result: NOTE
     Note: found 12 marked UTF-8 strings
Flavors: r-devel-linux-x86_64-fedora-clang, r-devel-linux-x86_64-fedora-gcc, r-release-macos-arm64, r-release-macos-x86_64, r-oldrel-macos-arm64, r-oldrel-macos-x86_64