CRAN Package Check Results for Package iptools

Last updated on 2019-09-19 13:46:13 CEST.

Flavor Version Tinstall Tcheck Ttotal Status Flags
r-devel-linux-x86_64-debian-clang 0.6.1 38.98 39.34 78.32 OK
r-devel-linux-x86_64-debian-gcc 0.6.1 33.23 31.27 64.50 OK
r-devel-linux-x86_64-fedora-clang 0.6.1 111.35 NOTE
r-devel-linux-x86_64-fedora-gcc 0.6.1 107.92 NOTE
r-devel-windows-ix86+x86_64 0.6.1 141.00 84.00 225.00 OK
r-patched-linux-x86_64 0.6.1 34.47 38.05 72.52 OK
r-release-linux-x86_64 0.6.1 35.67 38.06 73.73 OK
r-release-windows-ix86+x86_64 0.6.1 89.00 86.00 175.00 OK
r-release-osx-x86_64 0.6.1 NOTE
r-oldrel-windows-ix86+x86_64 0.6.1 85.00 72.00 157.00 OK
r-oldrel-osx-x86_64 0.6.1 NOTE

Additional issues

clang-UBSAN

Check Details

Version: 0.6.1
Check: data for non-ASCII characters
Result: NOTE
     Note: found 12 marked UTF-8 strings
Flavors: r-devel-linux-x86_64-fedora-clang, r-devel-linux-x86_64-fedora-gcc, r-release-osx-x86_64, r-oldrel-osx-x86_64