CRAN Package Check Results for Package ipumsr

Last updated on 2019-02-15 20:46:53 CET.

Flavor Version Tinstall Tcheck Ttotal Status Flags
r-devel-linux-x86_64-debian-clang 0.3.0 22.01 85.37 107.38 OK
r-devel-linux-x86_64-debian-gcc 0.3.0 19.24 67.67 86.91 OK
r-devel-linux-x86_64-fedora-clang 0.3.0 144.84 NOTE
r-devel-linux-x86_64-fedora-gcc 0.3.0 124.07 NOTE
r-devel-windows-ix86+x86_64 0.3.0 58.00 195.00 253.00 OK
r-patched-linux-x86_64 0.3.0 19.62 73.36 92.98 OK
r-patched-solaris-x86 0.3.0 151.60 NOTE
r-release-linux-x86_64 0.3.0 20.07 73.31 93.38 OK
r-release-windows-ix86+x86_64 0.3.0 31.00 174.00 205.00 OK
r-release-osx-x86_64 0.3.0 NOTE
r-oldrel-windows-ix86+x86_64 0.3.0 63.00 223.00 286.00 OK
r-oldrel-osx-x86_64 0.3.0 NOTE

Check Details

Version: 0.3.0
Check: dependencies in R code
Result: NOTE
    Namespace in Imports field not imported from: ‘R6’
     All declared Imports should be used.
Flavors: r-devel-linux-x86_64-fedora-clang, r-devel-linux-x86_64-fedora-gcc, r-patched-solaris-x86, r-release-osx-x86_64, r-oldrel-osx-x86_64