CRAN Package Check Results for Package ipumsr

Last updated on 2018-11-15 06:47:25 CET.

Flavor Version Tinstall Tcheck Ttotal Status Flags
r-devel-linux-x86_64-debian-clang 0.3.0 21.82 80.59 102.41 OK
r-devel-linux-x86_64-debian-gcc 0.3.0 20.08 64.40 84.48 OK
r-devel-linux-x86_64-fedora-clang 0.3.0 122.65 NOTE
r-devel-linux-x86_64-fedora-gcc 0.3.0 119.05 NOTE
r-devel-windows-ix86+x86_64 0.3.0 42.00 126.00 168.00 OK
r-patched-linux-x86_64 0.3.0 24.54 73.25 97.79 OK
r-patched-solaris-x86 0.3.0 147.30 NOTE
r-release-linux-x86_64 0.3.0 26.83 73.07 99.90 OK
r-release-windows-ix86+x86_64 0.3.0 56.00 132.00 188.00 OK
r-release-osx-x86_64 0.3.0 NOTE
r-oldrel-windows-ix86+x86_64 0.3.0 47.00 200.00 247.00 OK
r-oldrel-osx-x86_64 0.3.0 NOTE

Check Details

Version: 0.3.0
Check: dependencies in R code
Result: NOTE
    Namespace in Imports field not imported from: ‘R6’
     All declared Imports should be used.
Flavors: r-devel-linux-x86_64-fedora-clang, r-devel-linux-x86_64-fedora-gcc, r-patched-solaris-x86, r-release-osx-x86_64, r-oldrel-osx-x86_64