CRAN Package Check Results for Package iq

Last updated on 2022-12-09 11:53:10 CET.

Flavor Version Tinstall Tcheck Ttotal Status Flags
r-devel-linux-x86_64-debian-clang 1.9.6 26.87 37.71 64.58 OK
r-devel-linux-x86_64-debian-gcc 1.9.6 20.31 32.62 52.93 OK
r-devel-linux-x86_64-fedora-clang 1.9.6 92.08 OK
r-devel-linux-x86_64-fedora-gcc 1.9.6 106.69 OK
r-devel-windows-x86_64 1.9.6 29.00 105.00 134.00 OK
r-patched-linux-x86_64 1.9.6 21.18 38.60 59.78 OK
r-release-linux-x86_64 1.9.6 21.72 37.41 59.13 OK
r-release-macos-arm64 1.9.6 31.00 NOTE
r-release-macos-x86_64 1.9.6 42.00 NOTE
r-release-windows-x86_64 1.9.6 28.00 104.00 132.00 OK
r-oldrel-macos-arm64 1.9.6 30.00 NOTE
r-oldrel-macos-x86_64 1.9.6 41.00 NOTE
r-oldrel-windows-ix86+x86_64 1.9.6 65.00 97.00 162.00 OK

Check Details

Version: 1.9.6
Check: installed package size
Result: NOTE
     installed size is 7.4Mb
     sub-directories of 1Mb or more:
     libs 6.8Mb
Flavors: r-release-macos-arm64, r-release-macos-x86_64, r-oldrel-macos-arm64, r-oldrel-macos-x86_64