CRAN Package Check Results for Package irlba

Last updated on 2019-01-23 22:48:28 CET.

Flavor Version Tinstall Tcheck Ttotal Status Flags
r-devel-linux-x86_64-debian-clang 2.3.2 6.31 73.62 79.93 OK
r-devel-linux-x86_64-debian-gcc 2.3.2 5.58 58.60 64.18 OK
r-devel-linux-x86_64-fedora-clang 2.3.2 97.64 OK
r-devel-linux-x86_64-fedora-gcc 2.3.2 91.53 OK
r-devel-windows-ix86+x86_64 2.3.2 20.00 156.00 176.00 OK
r-patched-linux-x86_64 2.3.2 6.34 70.46 76.80 OK
r-patched-solaris-x86 2.3.2 151.00 OK
r-release-linux-x86_64 2.3.2 6.43 70.53 76.96 OK
r-release-windows-ix86+x86_64 2.3.2 12.00 157.00 169.00 OK
r-release-osx-x86_64 2.3.2 OK
r-oldrel-windows-ix86+x86_64 2.3.2 11.00 164.00 175.00 OK
r-oldrel-osx-x86_64 2.3.2 NOTE

Check Details

Version: 2.3.2
Check: package dependencies
Result: NOTE
    Package suggested but not available for checking: ‘PMA’
Flavor: r-oldrel-osx-x86_64