CRAN Package Check Results for Package irlba

Last updated on 2018-10-19 22:49:43 CEST.

Flavor Version Tinstall Tcheck Ttotal Status Flags
r-devel-linux-x86_64-debian-clang 2.3.2 6.66 83.40 90.06 OK
r-devel-linux-x86_64-debian-gcc 2.3.2 5.80 66.47 72.27 OK
r-devel-linux-x86_64-fedora-clang 2.3.2 108.97 OK
r-devel-linux-x86_64-fedora-gcc 2.3.2 104.84 OK
r-devel-windows-ix86+x86_64 2.3.2 16.00 135.00 151.00 OK
r-patched-linux-x86_64 2.3.2 6.28 69.59 75.87 OK
r-patched-solaris-x86 2.3.2 144.70 OK
r-release-linux-x86_64 2.3.2 6.23 70.15 76.38 OK
r-release-windows-ix86+x86_64 2.3.2 14.00 154.00 168.00 OK
r-release-osx-x86_64 2.3.2 OK
r-oldrel-windows-ix86+x86_64 2.3.2 11.00 158.00 169.00 OK
r-oldrel-osx-x86_64 2.3.2 NOTE

Check Details

Version: 2.3.2
Check: package dependencies
Result: NOTE
    Package suggested but not available for checking: ‘PMA’
Flavor: r-oldrel-osx-x86_64