CRAN Package Check Results for Package irlba

Last updated on 2018-05-28 10:48:53 CEST.

Flavor Version Tinstall Tcheck Ttotal Status Flags
r-devel-linux-x86_64-debian-clang 2.3.2 6.46 74.94 81.40 OK
r-devel-linux-x86_64-debian-gcc 2.3.2 5.91 63.74 69.65 OK
r-devel-linux-x86_64-fedora-clang 2.3.2 114.54 OK
r-devel-linux-x86_64-fedora-gcc 2.3.2 104.22 OK
r-devel-windows-ix86+x86_64 2.3.2 13.00 169.00 182.00 OK
r-patched-linux-x86_64 2.3.2 4.75 70.97 75.72 OK
r-patched-solaris-x86 2.3.2 143.10 OK
r-release-linux-x86_64 2.3.2 6.14 69.52 75.66 OK
r-release-windows-ix86+x86_64 2.3.2 16.00 120.00 136.00 OK
r-release-osx-x86_64 2.3.2 OK
r-oldrel-windows-ix86+x86_64 2.3.2 16.00 124.00 140.00 OK
r-oldrel-osx-x86_64 2.3.2 NOTE

Additional issues

MKL

Check Details

Version: 2.3.2
Check: package dependencies
Result: NOTE
    Package suggested but not available for checking: ‘PMA’
Flavor: r-oldrel-osx-x86_64