CRAN Package Check Results for Package irt

Last updated on 2024-02-27 13:49:25 CET.

Flavor Version Tinstall Tcheck Ttotal Status Flags
r-devel-linux-x86_64-debian-clang 0.2.9 234.18 238.73 472.91 OK
r-devel-linux-x86_64-debian-gcc 0.2.9 191.29 173.50 364.79 OK
r-devel-linux-x86_64-fedora-clang 0.2.9 660.09 OK
r-devel-linux-x86_64-fedora-gcc 0.2.9 696.67 OK
r-devel-windows-x86_64 0.2.7 166.00 206.00 372.00 NOTE
r-patched-linux-x86_64 0.2.9 241.40 223.77 465.17 OK
r-release-linux-x86_64 0.2.9 237.66 228.08 465.74 OK
r-release-macos-arm64 0.2.9 138.00 NOTE
r-release-macos-x86_64 0.2.9 325.00 NOTE
r-release-windows-x86_64 0.2.9 184.00 278.00 462.00 OK
r-oldrel-macos-arm64 0.2.9 145.00 NOTE
r-oldrel-windows-x86_64 0.2.9 237.00 248.00 485.00 OK

Check Details

Version: 0.2.7
Check: C++ specification
Result: NOTE Specified C++11: please drop specification unless essential Flavor: r-devel-windows-x86_64

Version: 0.2.7
Check: Rd \usage sections
Result: NOTE Documented arguments not in \usage in Rd file 'print.cat_output.Rd': 'object' Documented arguments not in \usage in Rd file 'sub-subset-Itempool-numeric-missing-method.Rd': '...' Documented arguments not in \usage in Rd file 'sub-subset-Response_set-numeric-missing-method.Rd': '...' Documented arguments not in \usage in Rd file 'sub-subset-Testlet-numeric-missing-method.Rd': '...' Functions with \usage entries need to have the appropriate \alias entries, and all their arguments documented. The \usage entries must correspond to syntactically valid R code. See chapter 'Writing R documentation files' in the 'Writing R Extensions' manual. S3 methods shown with full name in Rd file 'print.Item.Rd': 'print.Item' The \usage entries for S3 methods should use the \method markup and not their full name. See chapter 'Writing R documentation files' in the 'Writing R Extensions' manual. Flavor: r-devel-windows-x86_64

Version: 0.2.9
Check: installed package size
Result: NOTE installed size is 9.9Mb sub-directories of 1Mb or more: libs 8.1Mb Flavors: r-release-macos-arm64, r-release-macos-x86_64, r-oldrel-macos-arm64