CRAN Package Check Results for Package isoSurv

Last updated on 2022-08-19 07:49:54 CEST.

Flavor Version Tinstall Tcheck Ttotal Status Flags
r-devel-linux-x86_64-debian-clang 0.2.0 9.51 68.02 77.53 NOTE
r-devel-linux-x86_64-debian-gcc 0.2.0 6.41 52.74 59.15 NOTE
r-devel-linux-x86_64-fedora-clang 0.2.0 103.08 NOTE
r-devel-linux-x86_64-fedora-gcc 0.2.0 100.64 NOTE
r-devel-windows-x86_64 0.2.0 14.00 91.00 105.00 NOTE
r-patched-linux-x86_64 0.2.0 6.45 64.45 70.90 NOTE
r-release-linux-x86_64 0.2.0 NOTE
r-release-macos-arm64 0.2.0 31.00 NOTE
r-release-macos-x86_64 0.2.0 42.00 NOTE
r-release-windows-x86_64 0.2.0 14.00 97.00 111.00 NOTE
r-oldrel-macos-arm64 0.2.0 31.00 NOTE
r-oldrel-macos-x86_64 0.2.0 60.00 NOTE
r-oldrel-windows-ix86+x86_64 0.2.0 17.00 87.00 104.00 NOTE

Check Details

Version: 0.2.0
Check: LazyData
Result: NOTE
     'LazyData' is specified without a 'data' directory
Flavors: r-devel-linux-x86_64-debian-clang, r-devel-linux-x86_64-debian-gcc, r-devel-linux-x86_64-fedora-clang, r-devel-linux-x86_64-fedora-gcc, r-devel-windows-x86_64, r-patched-linux-x86_64, r-release-linux-x86_64, r-release-macos-arm64, r-release-macos-x86_64, r-release-windows-x86_64, r-oldrel-macos-arm64, r-oldrel-macos-x86_64, r-oldrel-windows-ix86+x86_64