CRAN Package Check Results for Package isoband

Last updated on 2024-02-25 23:02:10 CET.

Flavor Version Tinstall Tcheck Ttotal Status Flags
r-devel-linux-x86_64-debian-clang 0.2.7 12.27 40.61 52.88 NOTE
r-devel-linux-x86_64-debian-gcc 0.2.7 8.22 32.22 40.44 NOTE
r-devel-linux-x86_64-fedora-clang 0.2.7 76.24 NOTE
r-devel-linux-x86_64-fedora-gcc 0.2.7 81.98 NOTE
r-devel-windows-x86_64 0.2.7 15.00 73.00 88.00 NOTE
r-patched-linux-x86_64 0.2.7 13.13 40.03 53.16 NOTE
r-release-linux-x86_64 0.2.7 10.33 40.40 50.73 NOTE
r-release-macos-arm64 0.2.7 35.00 NOTE
r-release-macos-x86_64 0.2.7 52.00 NOTE
r-release-windows-x86_64 0.2.7 16.00 81.00 97.00 NOTE
r-oldrel-macos-arm64 0.2.7 64.00 OK
r-oldrel-windows-x86_64 0.2.7 18.00 80.00 98.00 OK

Check Details

Version: 0.2.7
Check: C++ specification
Result: NOTE Specified C++11: please drop specification unless essential Flavors: r-devel-linux-x86_64-debian-clang, r-devel-linux-x86_64-debian-gcc, r-devel-linux-x86_64-fedora-clang, r-devel-linux-x86_64-fedora-gcc, r-devel-windows-x86_64, r-patched-linux-x86_64, r-release-linux-x86_64, r-release-macos-arm64, r-release-macos-x86_64, r-release-windows-x86_64