Last updated on 2022-05-21 16:49:04 CEST.
Flavor | Version | Tinstall | Tcheck | Ttotal | Status | Flags |
---|---|---|---|---|---|---|
r-devel-linux-x86_64-debian-clang | 0.2.5 | 37.20 | 52.41 | 89.61 | OK | |
r-devel-linux-x86_64-debian-gcc | 0.2.5 | 32.09 | 39.59 | 71.68 | OK | |
r-devel-linux-x86_64-fedora-clang | 0.2.5 | 125.83 | NOTE | |||
r-devel-linux-x86_64-fedora-gcc | 0.2.5 | 127.16 | OK | |||
r-devel-windows-x86_64 | 0.2.5 | 76.00 | 106.00 | 182.00 | OK | |
r-patched-linux-x86_64 | 0.2.5 | 41.61 | 49.11 | 90.72 | OK | |
r-release-linux-x86_64 | 0.2.5 | 39.79 | 49.61 | 89.40 | OK | |
r-release-macos-arm64 | 0.2.5 | 37.00 | NOTE | |||
r-release-macos-x86_64 | 0.2.5 | 51.00 | NOTE | |||
r-release-windows-x86_64 | 0.2.5 | 60.00 | 106.00 | 166.00 | OK | |
r-oldrel-macos-arm64 | 0.2.5 | 87.00 | NOTE | |||
r-oldrel-macos-x86_64 | 0.2.5 | 77.00 | NOTE | |||
r-oldrel-windows-ix86+x86_64 | 0.2.5 | 101.00 | 95.00 | 196.00 | OK |
Version: 0.2.5
Check: installed package size
Result: NOTE
installed size is 6.3Mb
sub-directories of 1Mb or more:
libs 4.4Mb
Flavors: r-devel-linux-x86_64-fedora-clang, r-release-macos-arm64, r-release-macos-x86_64, r-oldrel-macos-arm64, r-oldrel-macos-x86_64