CRAN Package Check Results for Package isocat

Last updated on 2020-01-19 16:47:38 CET.

Flavor Version Tinstall Tcheck Ttotal Status Flags
r-devel-linux-x86_64-debian-clang 0.2.4 10.13 106.78 116.91 OK
r-devel-linux-x86_64-debian-gcc 0.2.4 7.92 80.38 88.30 OK
r-devel-linux-x86_64-fedora-clang 0.2.4 141.37 NOTE
r-devel-linux-x86_64-fedora-gcc 0.2.4 130.77 NOTE
r-devel-windows-ix86+x86_64 0.2.4 25.00 153.00 178.00 OK
r-devel-windows-ix86+x86_64-gcc8 0.2.4 17.00 168.00 185.00 OK
r-patched-linux-x86_64 0.2.4 7.32 92.51 99.83 OK
r-patched-solaris-x86 0.2.4 168.10 NOTE
r-release-linux-x86_64 0.2.4 8.32 91.32 99.64 OK
r-release-windows-ix86+x86_64 0.2.4 26.00 138.00 164.00 OK
r-release-osx-x86_64 0.2.4 NOTE
r-oldrel-windows-ix86+x86_64 0.2.4 12.00 100.00 112.00 OK
r-oldrel-osx-x86_64 0.2.4 NOTE

Check Details

Version: 0.2.4
Check: dependencies in R code
Result: NOTE
    Namespace in Imports field not imported from: ‘dplyr’
     All declared Imports should be used.
Flavors: r-devel-linux-x86_64-fedora-clang, r-devel-linux-x86_64-fedora-gcc, r-patched-solaris-x86, r-release-osx-x86_64, r-oldrel-osx-x86_64