Last updated on 2022-05-26 10:54:02 CEST.
Flavor | Version | Tinstall | Tcheck | Ttotal | Status | Flags |
---|---|---|---|---|---|---|
r-devel-linux-x86_64-debian-clang | 0.5.15 | 173.66 | 68.41 | 242.07 | OK | |
r-devel-linux-x86_64-debian-gcc | 0.5.15 | 143.89 | 53.07 | 196.96 | OK | |
r-devel-linux-x86_64-fedora-clang | 0.5.15 | 343.75 | NOTE | |||
r-devel-linux-x86_64-fedora-gcc | 0.5.15 | 322.42 | OK | |||
r-devel-windows-x86_64 | 0.5.15 | 110.00 | 110.00 | 220.00 | OK | |
r-patched-linux-x86_64 | 0.5.15 | 151.46 | 66.39 | 217.85 | OK | |
r-release-linux-x86_64 | 0.5.15 | OK | ||||
r-release-macos-arm64 | 0.5.15 | 63.00 | NOTE | |||
r-release-macos-x86_64 | 0.5.15 | 92.00 | NOTE | |||
r-release-windows-x86_64 | 0.5.15 | 112.00 | 106.00 | 218.00 | OK | |
r-oldrel-macos-arm64 | 0.5.15 | 70.00 | NOTE | |||
r-oldrel-macos-x86_64 | 0.5.15 | 90.00 | NOTE | |||
r-oldrel-windows-ix86+x86_64 | 0.5.15 | 308.00 | 107.00 | 415.00 | NOTE |
Version: 0.5.15
Check: installed package size
Result: NOTE
installed size is 13.6Mb
sub-directories of 1Mb or more:
doc 1.8Mb
libs 11.5Mb
Flavors: r-devel-linux-x86_64-fedora-clang, r-release-macos-arm64, r-release-macos-x86_64, r-oldrel-macos-arm64, r-oldrel-macos-x86_64, r-oldrel-windows-ix86+x86_64