Last updated on 2023-12-03 06:02:48 CET.
Flavor | Version | Tinstall | Tcheck | Ttotal | Status | Flags |
---|---|---|---|---|---|---|
r-devel-linux-x86_64-debian-clang | 1.1.2 | 13.10 | 70.78 | 83.88 | OK | |
r-devel-linux-x86_64-debian-gcc | 1.1.2 | 12.05 | 53.85 | 65.90 | OK | |
r-devel-linux-x86_64-fedora-clang | 1.1.2 | 100.61 | NOTE | |||
r-devel-linux-x86_64-fedora-gcc | 1.1.2 | 98.95 | NOTE | |||
r-devel-windows-x86_64 | 1.1.2 | 13.00 | 78.00 | 91.00 | NOTE | |
r-patched-linux-x86_64 | 1.1.2 | 8.47 | 67.29 | 75.76 | OK | |
r-release-linux-x86_64 | 1.1.2 | 8.92 | 66.48 | 75.40 | OK | |
r-release-macos-arm64 | 1.1.2 | 46.00 | NOTE | |||
r-release-macos-x86_64 | 1.1.2 | 74.00 | NOTE | |||
r-release-windows-x86_64 | 1.1.2 | 15.00 | 86.00 | 101.00 | NOTE | |
r-oldrel-macos-arm64 | 1.1.2 | 41.00 | NOTE | |||
r-oldrel-macos-x86_64 | 1.1.2 | 46.00 | NOTE | |||
r-oldrel-windows-x86_64 | 1.1.2 | 16.00 | 89.00 | 105.00 | NOTE |
Version: 1.1.2
Check: installed package size
Result: NOTE
installed size is 5.3Mb
sub-directories of 1Mb or more:
data 5.1Mb
Flavors: r-devel-linux-x86_64-fedora-clang, r-devel-windows-x86_64, r-release-macos-arm64, r-release-macos-x86_64, r-release-windows-x86_64, r-oldrel-macos-arm64, r-oldrel-macos-x86_64, r-oldrel-windows-x86_64
Version: 1.1.2
Check: dependencies in R code
Result: NOTE
Namespace in Imports field not imported from: ‘curl’
All declared Imports should be used.
Flavors: r-devel-linux-x86_64-fedora-clang, r-devel-linux-x86_64-fedora-gcc
Version: 1.1.2
Check: data for non-ASCII characters
Result: NOTE
Note: found 87 marked UTF-8 strings
Flavors: r-devel-linux-x86_64-fedora-clang, r-devel-linux-x86_64-fedora-gcc