CRAN Package Check Results for Package its.analysis

Last updated on 2024-02-26 04:49:30 CET.

Flavor Version Tinstall Tcheck Ttotal Status Flags
r-devel-linux-x86_64-debian-clang 1.6.0 7.51 77.90 85.41 NOTE
r-devel-linux-x86_64-debian-gcc 1.6.0 6.91 57.99 64.90 NOTE
r-devel-linux-x86_64-fedora-clang 1.6.0 104.68 NOTE
r-devel-linux-x86_64-fedora-gcc 1.6.0 98.91 NOTE
r-devel-windows-x86_64 1.6.0 8.00 77.00 85.00 NOTE
r-patched-linux-x86_64 1.6.0 6.73 74.71 81.44 NOTE
r-release-linux-x86_64 1.6.0 5.82 72.83 78.65 NOTE
r-release-macos-arm64 1.6.0 32.00 NOTE
r-release-macos-x86_64 1.6.0 51.00 NOTE
r-release-windows-x86_64 1.6.0 10.00 89.00 99.00 NOTE
r-oldrel-macos-arm64 1.6.0 32.00 NOTE
r-oldrel-windows-x86_64 1.6.0 11.00 92.00 103.00 NOTE

Check Details

Version: 1.6.0
Check: LazyData
Result: NOTE 'LazyData' is specified without a 'data' directory Flavors: r-devel-linux-x86_64-debian-clang, r-devel-linux-x86_64-debian-gcc, r-devel-linux-x86_64-fedora-clang, r-devel-linux-x86_64-fedora-gcc, r-devel-windows-x86_64, r-patched-linux-x86_64, r-release-linux-x86_64, r-release-macos-arm64, r-release-macos-x86_64, r-release-windows-x86_64, r-oldrel-macos-arm64, r-oldrel-windows-x86_64