CRAN Package Check Results for Package its.analysis

Last updated on 2021-04-10 14:47:59 CEST.

Flavor Version Tinstall Tcheck Ttotal Status Flags
r-devel-linux-x86_64-debian-clang 1.6.0 7.27 73.14 80.41 NOTE
r-devel-linux-x86_64-debian-gcc 1.6.0 5.63 54.94 60.57 NOTE
r-devel-linux-x86_64-fedora-clang 1.6.0 98.66 NOTE
r-devel-linux-x86_64-fedora-gcc 1.6.0 87.14 NOTE
r-devel-windows-ix86+x86_64 1.6.0 13.00 66.00 79.00 NOTE
r-devel-windows-x86_64-gcc10-UCRT 1.6.0 NOTE
r-patched-linux-x86_64 1.6.0 6.68 67.24 73.92 OK
r-patched-solaris-x86 1.6.0 135.70 OK
r-release-linux-x86_64 1.6.0 6.96 67.57 74.53 OK
r-release-macos-x86_64 1.6.0 OK
r-release-windows-ix86+x86_64 1.6.0 19.00 92.00 111.00 OK
r-oldrel-macos-x86_64 1.6.0 NOTE
r-oldrel-windows-ix86+x86_64 1.6.0 15.00 91.00 106.00 NOTE

Check Details

Version: 1.6.0
Check: LazyData
Result: NOTE
     'LazyData' is specified without a 'data' directory
Flavors: r-devel-linux-x86_64-debian-clang, r-devel-linux-x86_64-debian-gcc, r-devel-linux-x86_64-fedora-clang, r-devel-linux-x86_64-fedora-gcc, r-devel-windows-ix86+x86_64, r-devel-windows-x86_64-gcc10-UCRT

Version: 1.6.0
Check: R code for possible problems
Result: NOTE
    itsa.postest: no visible global function definition for ‘plot’
    Undefined global functions or variables:
     plot
    Consider adding
     importFrom("graphics", "plot")
    to your NAMESPACE file.
Flavors: r-oldrel-macos-x86_64, r-oldrel-windows-ix86+x86_64