CRAN Package Check Results for Package ivmte

Last updated on 2022-06-25 17:51:31 CEST.

Flavor Version Tinstall Tcheck Ttotal Status Flags
r-devel-linux-x86_64-debian-clang 1.4.0 17.51 102.92 120.43 NOTE --no-vignettes
r-devel-linux-x86_64-debian-gcc 1.4.0 12.87 74.90 87.77 NOTE --no-vignettes
r-devel-linux-x86_64-fedora-clang 1.4.0 168.88 NOTE --no-vignettes
r-devel-linux-x86_64-fedora-gcc 1.4.0 152.03 NOTE --no-vignettes
r-devel-windows-x86_64 1.4.0 74.00 137.00 211.00 NOTE --no-vignettes
r-patched-linux-x86_64 1.4.0 17.52 98.15 115.67 NOTE --no-vignettes
r-release-linux-x86_64 1.4.0 15.55 97.52 113.07 NOTE --no-vignettes
r-release-macos-arm64 1.4.0 583.00 NOTE
r-release-macos-x86_64 1.4.0 1106.00 NOTE
r-release-windows-x86_64 1.4.0 92.00 213.00 305.00 NOTE --no-vignettes
r-oldrel-macos-arm64 1.4.0 585.00 NOTE
r-oldrel-macos-x86_64 1.4.0 962.00 NOTE
r-oldrel-windows-ix86+x86_64 1.4.0 28.00 124.00 152.00 NOTE --no-vignettes

Check Details

Version: 1.4.0
Flags: --no-vignettes
Check: package dependencies
Result: NOTE
    Packages suggested but not available for checking: 'gurobi', 'cplexAPI'
Flavors: r-devel-linux-x86_64-debian-clang, r-devel-linux-x86_64-debian-gcc, r-devel-linux-x86_64-fedora-clang, r-devel-linux-x86_64-fedora-gcc, r-devel-windows-x86_64, r-patched-linux-x86_64, r-release-linux-x86_64, r-release-windows-x86_64, r-oldrel-windows-ix86+x86_64

Version: 1.4.0
Check: package dependencies
Result: NOTE
    Packages suggested but not available for checking: 'gurobi', 'cplexAPI'
Flavors: r-release-macos-arm64, r-release-macos-x86_64, r-oldrel-macos-arm64, r-oldrel-macos-x86_64