CRAN Package Check Results for Package jackstrap

Last updated on 2024-02-29 21:56:24 CET.

Flavor Version Tinstall Tcheck Ttotal Status Flags
r-devel-linux-x86_64-debian-clang 0.1.0 6.45 59.77 66.22 OK
r-devel-linux-x86_64-debian-gcc 0.1.0 5.28 45.99 51.27 OK
r-devel-linux-x86_64-fedora-clang 0.1.0 84.95 NOTE
r-devel-linux-x86_64-fedora-gcc 0.1.0 91.85 NOTE
r-devel-windows-x86_64 0.1.0 7.00 66.00 73.00 OK
r-patched-linux-x86_64 0.1.0 4.84 57.36 62.20 OK
r-release-linux-x86_64 0.1.0 4.90 57.07 61.97 OK
r-release-macos-arm64 0.1.0 30.00 OK
r-release-macos-x86_64 0.1.0 47.00 OK
r-release-windows-x86_64 0.1.0 9.00 79.00 88.00 OK
r-oldrel-macos-arm64 0.1.0 28.00 NOTE
r-oldrel-windows-x86_64 0.1.0 11.00 81.00 92.00 OK

Additional issues

donttest

Check Details

Version: 0.1.0
Check: dependencies in R code
Result: NOTE Namespaces in Imports field not imported from: ‘fBasics’ ‘reshape’ ‘tidyr’ ‘utils’ All declared Imports should be used. Flavors: r-devel-linux-x86_64-fedora-clang, r-devel-linux-x86_64-fedora-gcc, r-oldrel-macos-arm64

Version: 0.1.0
Check: data for non-ASCII characters
Result: NOTE Note: found 2261 marked UTF-8 strings Flavors: r-devel-linux-x86_64-fedora-clang, r-devel-linux-x86_64-fedora-gcc, r-oldrel-macos-arm64