CRAN Package Check Results for Package japanstat

Last updated on 2022-05-19 08:52:09 CEST.

Flavor Version Tinstall Tcheck Ttotal Status Flags
r-devel-linux-x86_64-debian-clang 0.1.0 5.18 64.58 69.76 OK
r-devel-linux-x86_64-debian-gcc 0.1.0 4.28 47.43 51.71 OK
r-devel-linux-x86_64-fedora-clang 0.1.0 80.62 NOTE
r-devel-linux-x86_64-fedora-gcc 0.1.0 80.06 NOTE
r-devel-windows-x86_64 0.1.0 21.00 82.00 103.00 OK
r-patched-linux-x86_64 0.1.0 5.20 60.16 65.36 OK
r-release-linux-x86_64 0.1.0 4.06 60.19 64.25 OK
r-release-macos-arm64 0.1.0 22.00 NOTE
r-release-macos-x86_64 0.1.0 46.00 NOTE
r-release-windows-x86_64 0.1.0 24.00 81.00 105.00 OK
r-oldrel-macos-arm64 0.1.0 128.00 NOTE
r-oldrel-macos-x86_64 0.1.0 34.00 NOTE
r-oldrel-windows-ix86+x86_64 0.1.0 14.00 74.00 88.00 OK

Check Details

Version: 0.1.0
Check: data for non-ASCII characters
Result: NOTE
     Note: found 1984 marked UTF-8 strings
Flavors: r-devel-linux-x86_64-fedora-clang, r-devel-linux-x86_64-fedora-gcc, r-release-macos-arm64, r-release-macos-x86_64, r-oldrel-macos-arm64, r-oldrel-macos-x86_64