CRAN Package Check Results for Package japanstat

Last updated on 2024-03-02 02:48:41 CET.

Flavor Version Tinstall Tcheck Ttotal Status Flags
r-devel-linux-x86_64-debian-clang 0.1.0 3.99 44.94 48.93 OK
r-devel-linux-x86_64-debian-gcc 0.1.0 3.69 35.24 38.93 OK
r-devel-linux-x86_64-fedora-clang 0.1.0 63.17 NOTE
r-devel-linux-x86_64-fedora-gcc 0.1.0 60.43 NOTE
r-devel-windows-x86_64 0.1.0 5.00 61.00 66.00 OK
r-patched-linux-x86_64 0.1.0 3.40 44.25 47.65 OK
r-release-linux-x86_64 0.1.0 3.12 44.27 47.39 OK
r-release-macos-arm64 0.1.0 23.00 OK
r-release-macos-x86_64 0.1.0 29.00 OK
r-release-windows-x86_64 0.1.0 8.00 66.00 74.00 OK
r-oldrel-macos-arm64 0.1.0 22.00 NOTE
r-oldrel-windows-x86_64 0.1.0 7.00 69.00 76.00 OK

Check Details

Version: 0.1.0
Check: data for non-ASCII characters
Result: NOTE Note: found 1984 marked UTF-8 strings Flavors: r-devel-linux-x86_64-fedora-clang, r-devel-linux-x86_64-fedora-gcc, r-oldrel-macos-arm64