Last updated on 2022-07-05 00:52:17 CEST.
Flavor | Version | Tinstall | Tcheck | Ttotal | Status | Flags |
---|---|---|---|---|---|---|
r-devel-linux-x86_64-debian-clang | 2.0.0 | 10.03 | 82.29 | 92.32 | OK | |
r-devel-linux-x86_64-debian-gcc | 2.0.0 | 8.34 | 60.48 | 68.82 | OK | |
r-devel-linux-x86_64-fedora-clang | 2.0.0 | 118.77 | NOTE | |||
r-devel-linux-x86_64-fedora-gcc | 2.0.0 | 117.35 | NOTE | |||
r-devel-windows-x86_64 | 2.0.0 | 28.00 | 107.00 | 135.00 | OK | |
r-patched-linux-x86_64 | 2.0.0 | 9.12 | 75.05 | 84.17 | OK | |
r-release-linux-x86_64 | 2.0.0 | 6.66 | 77.00 | 83.66 | OK | |
r-release-macos-arm64 | 2.0.0 | 38.00 | NOTE | |||
r-release-macos-x86_64 | 2.0.0 | 50.00 | NOTE | |||
r-release-windows-x86_64 | 2.0.0 | 29.00 | 102.00 | 131.00 | OK | |
r-oldrel-macos-arm64 | 2.0.0 | 36.00 | NOTE | |||
r-oldrel-macos-x86_64 | 2.0.0 | 48.00 | NOTE | |||
r-oldrel-windows-ix86+x86_64 | 2.0.0 | 24.00 | 97.00 | 121.00 | OK |
Version: 2.0.0
Check: dependencies in R code
Result: NOTE
Namespaces in Imports field not imported from:
‘grid’ ‘mcmcplots’ ‘tidyverse’
All declared Imports should be used.
Flavors: r-devel-linux-x86_64-fedora-clang, r-devel-linux-x86_64-fedora-gcc, r-release-macos-arm64, r-release-macos-x86_64, r-oldrel-macos-arm64, r-oldrel-macos-x86_64