CRAN Package Check Results for Package jcolors

Last updated on 2022-06-30 05:57:55 CEST.

Flavor Version Tinstall Tcheck Ttotal Status Flags
r-devel-linux-x86_64-debian-clang 0.0.4 6.44 70.76 77.20 NOTE
r-devel-linux-x86_64-debian-gcc 0.0.4 4.76 52.51 57.27 NOTE
r-devel-linux-x86_64-fedora-clang 0.0.4 100.85 NOTE
r-devel-linux-x86_64-fedora-gcc 0.0.4 99.16 NOTE
r-devel-windows-x86_64 0.0.4 25.00 104.00 129.00 NOTE
r-patched-linux-x86_64 0.0.4 6.43 66.77 73.20 NOTE
r-release-linux-x86_64 0.0.4 5.15 66.49 71.64 NOTE
r-release-macos-arm64 0.0.4 35.00 NOTE
r-release-macos-x86_64 0.0.4 63.00 NOTE
r-release-windows-x86_64 0.0.4 30.00 100.00 130.00 NOTE
r-oldrel-macos-arm64 0.0.4 46.00 NOTE
r-oldrel-macos-x86_64 0.0.4 54.00 NOTE
r-oldrel-windows-ix86+x86_64 0.0.4 16.00 93.00 109.00 NOTE

Check Details

Version: 0.0.4
Check: LazyData
Result: NOTE
     'LazyData' is specified without a 'data' directory
Flavors: r-devel-linux-x86_64-debian-clang, r-devel-linux-x86_64-debian-gcc, r-devel-linux-x86_64-fedora-clang, r-devel-linux-x86_64-fedora-gcc, r-devel-windows-x86_64, r-patched-linux-x86_64, r-release-linux-x86_64, r-release-macos-arm64, r-release-macos-x86_64, r-release-windows-x86_64, r-oldrel-macos-arm64, r-oldrel-macos-x86_64, r-oldrel-windows-ix86+x86_64