CRAN Package Check Results for Package jmcm

Last updated on 2022-12-07 20:56:00 CET.

Flavor Version Tinstall Tcheck Ttotal Status Flags
r-devel-linux-x86_64-debian-clang 0.2.4 50.41 51.07 101.48 OK
r-devel-linux-x86_64-debian-gcc 0.2.4 39.31 40.57 79.88 OK
r-devel-linux-x86_64-fedora-clang 0.2.4 152.40 OK
r-devel-linux-x86_64-fedora-gcc 0.2.4 151.47 OK
r-devel-windows-x86_64 0.2.4 44.00 108.00 152.00 OK
r-patched-linux-x86_64 0.2.4 39.33 50.15 89.48 OK
r-release-linux-x86_64 0.2.4 43.24 50.68 93.92 OK
r-release-macos-arm64 0.2.4 40.00 NOTE
r-release-macos-x86_64 0.2.4 55.00 NOTE
r-release-windows-x86_64 0.2.4 114.00 105.00 219.00 OK
r-oldrel-macos-arm64 0.2.4 43.00 NOTE
r-oldrel-macos-x86_64 0.2.4 77.00 NOTE
r-oldrel-windows-ix86+x86_64 0.2.4 120.00 121.00 241.00 OK

Check Details

Version: 0.2.4
Check: installed package size
Result: NOTE
     installed size is 6.0Mb
     sub-directories of 1Mb or more:
     libs 4.7Mb
Flavors: r-release-macos-arm64, r-release-macos-x86_64, r-oldrel-macos-arm64, r-oldrel-macos-x86_64