CRAN Package Check Results for Package jmv

Last updated on 2021-02-26 07:49:44 CET.

Flavor Version Tinstall Tcheck Ttotal Status Flags
r-devel-linux-x86_64-debian-clang 1.2.23 95.12 112.21 207.33 OK
r-devel-linux-x86_64-debian-gcc 1.2.23 75.67 83.91 159.58 OK
r-devel-linux-x86_64-fedora-clang 1.2.23 269.71 NOTE
r-devel-linux-x86_64-fedora-gcc 1.2.23 255.05 NOTE
r-devel-windows-ix86+x86_64 1.2.23 90.00 104.00 194.00 OK
r-patched-linux-x86_64 1.2.23 61.03 106.49 167.52 OK
r-patched-solaris-x86 1.2.23 328.30 NOTE
r-release-linux-x86_64 1.2.23 58.25 108.07 166.32 OK
r-release-macos-x86_64 1.2.23 NOTE
r-release-windows-ix86+x86_64 1.2.23 148.00 170.00 318.00 OK
r-oldrel-macos-x86_64 1.2.23 NOTE
r-oldrel-windows-ix86+x86_64 1.2.23 85.00 97.00 182.00 OK

Check Details

Version: 1.2.23
Check: dependencies in R code
Result: NOTE
    Namespaces in Imports field not imported from:
     ‘BayesFactor’ ‘GGally’ ‘GPArotation’ ‘MASS’ ‘PMCMR’ ‘R6’ ‘ROCR’
     ‘afex’ ‘car’ ‘emmeans’ ‘ggridges’ ‘lavaan’ ‘multcomp’ ‘mvnormtest’
     ‘nnet’ ‘psych’ ‘vcd’ ‘vcdExtra’
     All declared Imports should be used.
Flavors: r-devel-linux-x86_64-fedora-clang, r-devel-linux-x86_64-fedora-gcc, r-patched-solaris-x86, r-release-macos-x86_64, r-oldrel-macos-x86_64