CRAN Package Check Results for Package jointseg

Last updated on 2019-06-17 09:49:46 CEST.

Flavor Version Tinstall Tcheck Ttotal Status Flags
r-devel-linux-x86_64-debian-clang 1.0.2 7.10 63.96 71.06 OK
r-devel-linux-x86_64-debian-gcc 1.0.2 4.63 50.00 54.63 OK
r-devel-linux-x86_64-fedora-clang 1.0.2 90.72 OK
r-devel-linux-x86_64-fedora-gcc 1.0.2 83.54 OK
r-devel-windows-ix86+x86_64 1.0.2 29.00 156.00 185.00 OK
r-patched-linux-x86_64 1.0.2 6.30 63.19 69.49 OK
r-patched-solaris-x86 1.0.2 130.70 OK
r-release-linux-x86_64 1.0.2 5.74 62.29 68.03 OK
r-release-windows-ix86+x86_64 1.0.2 18.00 149.00 167.00 OK
r-release-osx-x86_64 1.0.2 ERROR
r-oldrel-windows-ix86+x86_64 1.0.2 14.00 150.00 164.00 OK
r-oldrel-osx-x86_64 1.0.2 OK

Check Details

Version: 1.0.2
Check: package dependencies
Result: ERROR
    Package required but not available: ‘DNAcopy’
    
    Package suggested but not available for checking: ‘PSCBS’
    
    See section ‘The DESCRIPTION file’ in the ‘Writing R Extensions’
    manual.
Flavor: r-release-osx-x86_64