CRAN Package Check Results for Package jpeg

Last updated on 2018-11-13 02:48:40 CET.

Flavor Version Tinstall Tcheck Ttotal Status Flags
r-devel-linux-x86_64-debian-clang 0.1-8 1.82 18.29 20.11 OK
r-devel-linux-x86_64-debian-gcc 0.1-8 1.19 15.09 16.28 OK
r-devel-linux-x86_64-fedora-clang 0.1-8 24.02 NOTE
r-devel-linux-x86_64-fedora-gcc 0.1-8 23.51 NOTE
r-devel-windows-ix86+x86_64 0.1-8 7.00 48.00 55.00 OK
r-patched-linux-x86_64 0.1-8 1.57 16.58 18.15 OK
r-patched-solaris-x86 0.1-8 38.10 OK
r-release-linux-x86_64 0.1-8 1.51 16.84 18.35 OK
r-release-windows-ix86+x86_64 0.1-8 10.00 35.00 45.00 OK
r-release-osx-x86_64 0.1-8 OK
r-oldrel-windows-ix86+x86_64 0.1-8 7.00 45.00 52.00 OK
r-oldrel-osx-x86_64 0.1-8 OK

Additional issues

rchk

Check Details

Version: 0.1-8
Check: compiled code
Result: NOTE
    File ‘jpeg/libs/jpeg.so’:
     Found no calls to: ‘R_registerRoutines’, ‘R_useDynamicSymbols’
    
    It is good practice to register native routines and to disable symbol
    search.
    
    See ‘Writing portable packages’ in the ‘Writing R Extensions’ manual.
Flavors: r-devel-linux-x86_64-fedora-clang, r-devel-linux-x86_64-fedora-gcc