CRAN Package Check Results for Package jpeg

Last updated on 2019-02-15 22:46:43 CET.

Flavor Version Tinstall Tcheck Ttotal Status Flags
r-devel-linux-x86_64-debian-clang 0.1-8 2.09 18.05 20.14 OK
r-devel-linux-x86_64-debian-gcc 0.1-8 1.42 14.50 15.92 OK
r-devel-linux-x86_64-fedora-clang 0.1-8 24.88 NOTE
r-devel-linux-x86_64-fedora-gcc 0.1-8 23.15 NOTE
r-devel-windows-ix86+x86_64 0.1-8 7.00 35.00 42.00 OK
r-patched-linux-x86_64 0.1-8 1.48 16.47 17.95 OK
r-patched-solaris-x86 0.1-8 35.30 OK
r-release-linux-x86_64 0.1-8 1.30 16.34 17.64 OK
r-release-windows-ix86+x86_64 0.1-8 7.00 34.00 41.00 OK
r-release-osx-x86_64 0.1-8 OK
r-oldrel-windows-ix86+x86_64 0.1-8 7.00 45.00 52.00 OK
r-oldrel-osx-x86_64 0.1-8 OK

Additional issues

rchk

Check Details

Version: 0.1-8
Check: compiled code
Result: NOTE
    File ‘jpeg/libs/jpeg.so’:
     Found no calls to: ‘R_registerRoutines’, ‘R_useDynamicSymbols’
    
    It is good practice to register native routines and to disable symbol
    search.
    
    See ‘Writing portable packages’ in the ‘Writing R Extensions’ manual.
Flavors: r-devel-linux-x86_64-fedora-clang, r-devel-linux-x86_64-fedora-gcc