CRAN Package Check Results for Package jpeg

Last updated on 2018-02-21 11:54:13 CET.

Flavor Version Tinstall Tcheck Ttotal Status Flags
r-devel-linux-x86_64-debian-clang 0.1-8 1.74 16.95 18.69 NOTE
r-devel-linux-x86_64-debian-gcc 0.1-8 1.10 13.31 14.41 NOTE
r-devel-linux-x86_64-fedora-clang 0.1-8 22.04 NOTE
r-devel-linux-x86_64-fedora-gcc 0.1-8 20.88 NOTE
r-devel-windows-ix86+x86_64 0.1-8 11.00 34.00 45.00 OK
r-patched-linux-x86_64 0.1-8 1.76 15.64 17.40 NOTE
r-patched-solaris-x86 0.1-8 31.00 OK
r-release-linux-x86_64 0.1-8 1.61 15.69 17.30 NOTE
r-release-windows-ix86+x86_64 0.1-8 7.00 31.00 38.00 OK
r-release-osx-x86_64 0.1-8 OK
r-oldrel-windows-ix86+x86_64 0.1-8 17.00 26.00 43.00 OK
r-oldrel-osx-x86_64 0.1-8 OK

Additional issues

rchk

Check Details

Version: 0.1-8
Check: compiled code
Result: NOTE
    File ‘jpeg/libs/jpeg.so’:
     Found no calls to: ‘R_registerRoutines’, ‘R_useDynamicSymbols’
    
    It is good practice to register native routines and to disable symbol
    search.
    
    See ‘Writing portable packages’ in the ‘Writing R Extensions’ manual.
Flavors: r-devel-linux-x86_64-debian-clang, r-devel-linux-x86_64-debian-gcc, r-devel-linux-x86_64-fedora-clang, r-devel-linux-x86_64-fedora-gcc, r-patched-linux-x86_64, r-release-linux-x86_64