CRAN Package Check Results for Package jpeg

Last updated on 2018-08-20 07:47:44 CEST.

Flavor Version Tinstall Tcheck Ttotal Status Flags
r-devel-linux-x86_64-debian-clang 0.1-8 1.65 18.28 19.93 NOTE
r-devel-linux-x86_64-debian-gcc 0.1-8 1.05 14.92 15.97 NOTE
r-devel-linux-x86_64-fedora-clang 0.1-8 23.82 NOTE
r-devel-linux-x86_64-fedora-gcc 0.1-8 22.91 NOTE
r-devel-windows-ix86+x86_64 0.1-8 11.00 47.00 58.00 OK
r-patched-linux-x86_64 0.1-8 1.61 16.91 18.52 NOTE
r-patched-solaris-x86 0.1-8 38.30 OK
r-release-linux-x86_64 0.1-8 1.66 16.94 18.60 NOTE
r-release-windows-ix86+x86_64 0.1-8 10.00 35.00 45.00 OK
r-release-osx-x86_64 0.1-8 OK
r-oldrel-windows-ix86+x86_64 0.1-8 7.00 31.00 38.00 OK
r-oldrel-osx-x86_64 0.1-8 OK

Additional issues

rchk

Check Details

Version: 0.1-8
Check: compiled code
Result: NOTE
    File ‘jpeg/libs/jpeg.so’:
     Found no calls to: ‘R_registerRoutines’, ‘R_useDynamicSymbols’
    
    It is good practice to register native routines and to disable symbol
    search.
    
    See ‘Writing portable packages’ in the ‘Writing R Extensions’ manual.
Flavors: r-devel-linux-x86_64-debian-clang, r-devel-linux-x86_64-debian-gcc, r-devel-linux-x86_64-fedora-clang, r-devel-linux-x86_64-fedora-gcc, r-patched-linux-x86_64, r-release-linux-x86_64