CRAN Package Check Results for Package jpmesh

Last updated on 2018-02-21 20:47:21 CET.

Flavor Version Tinstall Tcheck Ttotal Status Flags
r-devel-linux-x86_64-debian-clang 1.0.1 9.31 64.65 73.96 OK
r-devel-linux-x86_64-debian-gcc 1.0.1 7.67 53.96 61.63 OK
r-devel-linux-x86_64-fedora-clang 1.0.1 89.22 NOTE
r-devel-linux-x86_64-fedora-gcc 1.0.1 86.60 NOTE
r-devel-windows-ix86+x86_64 1.0.1 10.00 70.00 80.00 OK
r-patched-linux-x86_64 1.0.1 7.82 69.78 77.60 OK
r-patched-solaris-x86 1.0.1 146.80 NOTE
r-release-linux-x86_64 1.0.1 8.23 69.50 77.73 OK
r-release-windows-ix86+x86_64 1.0.1 24.00 107.00 131.00 OK
r-release-osx-x86_64 1.0.1 NOTE
r-oldrel-windows-ix86+x86_64 1.0.1 15.00 78.00 93.00 OK
r-oldrel-osx-x86_64 1.0.1 NOTE

Check Details

Version: 1.0.1
Check: dependencies in R code
Result: NOTE
    Namespace in Imports field not imported from: ‘readr’
     All declared Imports should be used.
Flavors: r-devel-linux-x86_64-fedora-clang, r-devel-linux-x86_64-fedora-gcc, r-patched-solaris-x86, r-release-osx-x86_64, r-oldrel-osx-x86_64

Version: 1.0.1
Check: data for non-ASCII characters
Result: NOTE
     Note: found 176 marked UTF-8 strings
Flavors: r-devel-linux-x86_64-fedora-clang, r-devel-linux-x86_64-fedora-gcc, r-patched-solaris-x86, r-release-osx-x86_64, r-oldrel-osx-x86_64