CRAN Package Check Results for Package jpmesh

Last updated on 2018-05-25 13:48:01 CEST.

Flavor Version Tinstall Tcheck Ttotal Status Flags
r-devel-linux-x86_64-debian-clang 1.1.0 29.99 88.86 118.85 OK
r-devel-linux-x86_64-debian-gcc 1.1.0 30.12 73.96 104.08 OK
r-devel-linux-x86_64-fedora-clang 1.1.0 165.02 NOTE
r-devel-linux-x86_64-fedora-gcc 1.1.0 149.02 NOTE
r-devel-windows-ix86+x86_64 1.1.0 46.00 90.00 136.00 OK
r-patched-linux-x86_64 1.1.0 28.86 81.63 110.49 OK
r-patched-solaris-x86 1.1.0 228.40 NOTE
r-release-linux-x86_64 1.1.0 30.91 81.18 112.09 OK
r-release-windows-ix86+x86_64 1.1.0 58.00 135.00 193.00 OK
r-release-osx-x86_64 1.1.0 NOTE
r-oldrel-windows-ix86+x86_64 1.1.0 59.00 93.00 152.00 OK
r-oldrel-osx-x86_64 1.1.0 NOTE

Check Details

Version: 1.1.0
Check: data for non-ASCII characters
Result: NOTE
     Note: found 176 marked UTF-8 strings
Flavors: r-devel-linux-x86_64-fedora-clang, r-devel-linux-x86_64-fedora-gcc, r-patched-solaris-x86, r-release-osx-x86_64, r-oldrel-osx-x86_64