CRAN Package Check Results for Package jpmesh

Last updated on 2018-10-19 06:47:56 CEST.

Flavor Version Tinstall Tcheck Ttotal Status Flags
r-devel-linux-x86_64-debian-clang 1.1.1 17.94 93.28 111.22 OK
r-devel-linux-x86_64-debian-gcc 1.1.1 17.68 78.59 96.27 OK
r-devel-linux-x86_64-fedora-clang 1.1.1 137.65 NOTE
r-devel-linux-x86_64-fedora-gcc 1.1.1 134.79 NOTE
r-devel-windows-ix86+x86_64 1.1.1 37.00 101.00 138.00 OK
r-patched-linux-x86_64 1.1.1 17.40 85.39 102.79 OK
r-patched-solaris-x86 1.1.1 216.50 NOTE
r-release-linux-x86_64 1.1.1 17.53 85.35 102.88 OK
r-release-windows-ix86+x86_64 1.1.1 39.00 135.00 174.00 OK
r-release-osx-x86_64 1.1.1 NOTE
r-oldrel-windows-ix86+x86_64 1.1.1 29.00 144.00 173.00 OK
r-oldrel-osx-x86_64 1.1.1 NOTE

Check Details

Version: 1.1.1
Check: data for non-ASCII characters
Result: NOTE
     Note: found 176 marked UTF-8 strings
Flavors: r-devel-linux-x86_64-fedora-clang, r-devel-linux-x86_64-fedora-gcc, r-patched-solaris-x86, r-release-osx-x86_64, r-oldrel-osx-x86_64