CRAN Package Check Results for Package jpmesh

Last updated on 2019-01-24 09:49:39 CET.

Flavor Version Tinstall Tcheck Ttotal Status Flags
r-devel-linux-x86_64-debian-clang 1.1.1 20.11 93.38 113.49 OK
r-devel-linux-x86_64-debian-gcc 1.1.1 16.59 77.58 94.17 OK
r-devel-linux-x86_64-fedora-clang 1.1.1 137.12 NOTE
r-devel-linux-x86_64-fedora-gcc 1.1.1 130.00 NOTE
r-devel-windows-ix86+x86_64 1.1.1 37.00 151.00 188.00 OK
r-patched-linux-x86_64 1.1.1 18.49 85.19 103.68 OK
r-patched-solaris-x86 1.1.1 227.90 NOTE
r-release-linux-x86_64 1.1.1 17.84 86.14 103.98 OK
r-release-windows-ix86+x86_64 1.1.1 25.00 141.00 166.00 OK
r-release-osx-x86_64 1.1.1 NOTE
r-oldrel-windows-ix86+x86_64 1.1.1 44.00 118.00 162.00 OK
r-oldrel-osx-x86_64 1.1.1 NOTE

Check Details

Version: 1.1.1
Check: data for non-ASCII characters
Result: NOTE
     Note: found 176 marked UTF-8 strings
Flavors: r-devel-linux-x86_64-fedora-clang, r-devel-linux-x86_64-fedora-gcc, r-patched-solaris-x86, r-release-osx-x86_64, r-oldrel-osx-x86_64