CRAN Package Check Results for Package jpmesh

Last updated on 2018-08-18 10:50:33 CEST.

Flavor Version Tinstall Tcheck Ttotal Status Flags
r-devel-linux-x86_64-debian-clang 1.1.1 18.18 92.28 110.46 OK
r-devel-linux-x86_64-debian-gcc 1.1.1 18.69 80.63 99.32 OK
r-devel-linux-x86_64-fedora-clang 1.1.1 137.48 NOTE
r-devel-linux-x86_64-fedora-gcc 1.1.1 133.38 NOTE
r-devel-windows-ix86+x86_64 1.1.1 36.00 130.00 166.00 OK
r-patched-linux-x86_64 1.1.1 17.86 85.06 102.92 OK
r-patched-solaris-x86 1.1.1 228.60 NOTE
r-release-linux-x86_64 1.1.1 19.26 85.35 104.61 OK
r-release-windows-ix86+x86_64 1.1.1 29.00 143.00 172.00 OK
r-release-osx-x86_64 1.1.1 NOTE
r-oldrel-windows-ix86+x86_64 1.1.1 29.00 112.00 141.00 OK
r-oldrel-osx-x86_64 1.1.1 NOTE

Check Details

Version: 1.1.1
Check: data for non-ASCII characters
Result: NOTE
     Note: found 176 marked UTF-8 strings
Flavors: r-devel-linux-x86_64-fedora-clang, r-devel-linux-x86_64-fedora-gcc, r-patched-solaris-x86, r-release-osx-x86_64, r-oldrel-osx-x86_64