CRAN Package Check Results for Package jrSiCKLSNMF

Last updated on 2024-02-21 09:08:41 CET.

Flavor Version Tinstall Tcheck Ttotal Status Flags
r-devel-linux-x86_64-debian-clang 1.2.1 OK
r-devel-linux-x86_64-debian-gcc 1.2.1 90.49 597.54 688.03 OK
r-devel-linux-x86_64-fedora-clang 1.2.1 1259.86 OK
r-devel-linux-x86_64-fedora-gcc 1.2.1 1175.30 OK
r-devel-windows-x86_64 1.2.1 89.00 596.00 685.00 OK
r-patched-linux-x86_64 1.2.1 117.76 784.35 902.11 OK
r-release-linux-x86_64 1.2.1 110.14 784.59 894.73 OK
r-release-macos-arm64 1.2.1 180.00 OK
r-release-macos-x86_64 1.2.1 353.00 OK
r-release-windows-x86_64 1.2.1 119.00 742.00 861.00 OK
r-oldrel-macos-arm64 1.2.1 10.00 ERROR
r-oldrel-windows-x86_64 1.2.1 115.00 704.00 819.00 OK

Check Details

Version: 1.2.1
Check: package dependencies
Result: ERROR Package required but not available: ‘scran’ See section ‘The DESCRIPTION file’ in the ‘Writing R Extensions’ manual. Flavor: r-oldrel-macos-arm64