CRAN Package Check Results for Package jrt

Last updated on 2024-07-18 02:57:31 CEST.

Flavor Version Tinstall Tcheck Ttotal Status Flags
r-devel-linux-x86_64-debian-clang 1.1.2 18.31 270.01 288.32 NOTE
r-devel-linux-x86_64-debian-gcc 1.1.2 13.46 197.82 211.28 NOTE
r-devel-linux-x86_64-fedora-clang 1.1.2 369.26 NOTE
r-devel-linux-x86_64-fedora-gcc 1.1.2 365.11 NOTE
r-devel-windows-x86_64 1.1.2 16.00 191.00 207.00 NOTE
r-patched-linux-x86_64 1.1.2 14.67 247.35 262.02 NOTE
r-release-linux-x86_64 1.1.2 9.45 252.36 261.81 NOTE
r-release-macos-arm64 1.1.2 89.00 NOTE
r-release-macos-x86_64 1.1.2 191.00 NOTE
r-release-windows-x86_64 1.1.2 14.00 183.00 197.00 NOTE
r-oldrel-macos-arm64 1.1.2 93.00 OK
r-oldrel-macos-x86_64 1.1.2 167.00 OK
r-oldrel-windows-x86_64 1.1.2 21.00 240.00 261.00 OK

Check Details

Version: 1.1.2
Check: Rd files
Result: NOTE checkRd: (-1) jrt.Rd:45-46: Lost braces 45 | \item{Difference models (more or less constrained versions of the | ^ checkRd: (-1) jrt.Rd:54-55: Lost braces 54 | \item{Divide-by-total models (more or less constrained versions of the | ^ Flavors: r-devel-linux-x86_64-debian-clang, r-devel-linux-x86_64-debian-gcc, r-devel-linux-x86_64-fedora-clang, r-devel-linux-x86_64-fedora-gcc, r-devel-windows-x86_64, r-patched-linux-x86_64, r-release-linux-x86_64, r-release-macos-arm64, r-release-macos-x86_64, r-release-windows-x86_64