CRAN Package Check Results for Package jsmodule

Last updated on 2024-02-24 11:49:29 CET.

Flavor Version Tinstall Tcheck Ttotal Status Flags
r-devel-linux-x86_64-debian-clang 1.5.0 37.92 256.02 293.94 OK
r-devel-linux-x86_64-debian-gcc 1.5.0 32.10 191.04 223.14 OK
r-devel-linux-x86_64-fedora-clang 1.5.0 397.40 NOTE
r-devel-linux-x86_64-fedora-gcc 1.5.0 387.84 OK
r-devel-windows-x86_64 1.5.0 35.00 207.00 242.00 OK
r-patched-linux-x86_64 1.5.0 35.32 247.40 282.72 OK
r-release-linux-x86_64 1.5.0 38.98 241.69 280.67 OK
r-release-macos-arm64 1.5.0 81.00 OK
r-release-macos-x86_64 1.5.0 124.00 OK
r-release-windows-x86_64 1.5.0 38.00 269.00 307.00 OK
r-oldrel-macos-arm64 1.5.0 68.00 OK
r-oldrel-windows-x86_64 1.5.0 40.00 260.00 300.00 OK

Check Details

Version: 1.5.0
Check: package dependencies
Result: NOTE Imports includes 31 non-default packages. Importing from so many packages makes the package vulnerable to any of them becoming unavailable. Move as many as possible to Suggests and use conditionally. Flavor: r-devel-linux-x86_64-fedora-clang