Last updated on 2022-05-26 16:54:38 CEST.
Flavor | Version | Tinstall | Tcheck | Ttotal | Status | Flags |
---|---|---|---|---|---|---|
r-devel-linux-x86_64-debian-clang | 2.0.0 | 34.89 | 43.11 | 78.00 | OK | |
r-devel-linux-x86_64-debian-gcc | 2.0.0 | 33.39 | 36.64 | 70.03 | OK | |
r-devel-linux-x86_64-fedora-clang | 2.0.0 | 107.14 | OK | |||
r-devel-linux-x86_64-fedora-gcc | 2.0.0 | 107.85 | OK | |||
r-devel-windows-x86_64 | 2.0.0 | 45.00 | 81.00 | 126.00 | OK | |
r-patched-linux-x86_64 | 2.0.0 | 34.94 | 42.50 | 77.44 | OK | |
r-release-linux-x86_64 | 2.0.0 | 37.32 | 41.82 | 79.14 | OK | |
r-release-macos-arm64 | 2.0.0 | 30.00 | NOTE | |||
r-release-macos-x86_64 | 2.0.0 | 39.00 | NOTE | |||
r-release-windows-x86_64 | 2.0.0 | 51.00 | 82.00 | 133.00 | OK | |
r-oldrel-macos-arm64 | 2.0.0 | 37.00 | NOTE | |||
r-oldrel-macos-x86_64 | 2.0.0 | 38.00 | NOTE | |||
r-oldrel-windows-ix86+x86_64 | 2.0.0 | 89.00 | 79.00 | 168.00 | OK |
Version: 2.0.0
Check: installed package size
Result: NOTE
installed size is 5.4Mb
sub-directories of 1Mb or more:
libs 4.4Mb
Flavors: r-release-macos-arm64, r-release-macos-x86_64, r-oldrel-macos-arm64, r-oldrel-macos-x86_64