CRAN Package Check Results for Package jsonlite

Last updated on 2019-08-18 18:47:51 CEST.

Flavor Version Tinstall Tcheck Ttotal Status Flags
r-devel-linux-x86_64-debian-clang 1.6 7.37 41.70 49.07 ERROR
r-devel-linux-x86_64-debian-gcc 1.6 5.53 34.03 39.56 OK
r-devel-linux-x86_64-fedora-clang 1.6 65.70 OK
r-devel-linux-x86_64-fedora-gcc 1.6 62.95 OK
r-devel-windows-ix86+x86_64 1.6 62.00 95.00 157.00 OK
r-patched-linux-x86_64 1.6 6.77 42.72 49.49 OK
r-patched-solaris-x86 1.6 102.70 WARN
r-release-linux-x86_64 1.6 6.37 42.74 49.11 OK
r-release-windows-ix86+x86_64 1.6 38.00 70.00 108.00 OK
r-release-osx-x86_64 1.6 OK
r-oldrel-windows-ix86+x86_64 1.6 67.00 86.00 153.00 OK
r-oldrel-osx-x86_64 1.6 OK

Additional issues

LTO

Check Details

Version: 1.6
Check: tests
Result: ERROR
     Running 'testthat.R' [6s/7s]
    Running the tests in 'tests/testthat.R' failed.
    Complete output:
     > #This file runs all unit tests on every R CMD check.
     > #Comment this out to disable.
     >
     > library(testthat)
     >
     > #filter is to disable tests that rely on external servers
     > test_check("jsonlite", filter="toJSON|fromJSON|libjson|serializeJSON")
     Loading required package: jsonlite
     -- 1. Error: BOM is being ignored (@test-libjson-escaping.R#40) ---------------
     unable to translate '<U+FEFF>[123]' to native encoding
     1: expect_warning(x <- fromJSON("<U+FEFF>[123]"), "mark") at testthat/test-libjson-escaping.R:40
     2: quasi_capture(enquo(object), label, capture_warnings)
     3: .capture(act$val <- eval_bare(get_expr(.quo), get_env(.quo)), ...)
     4: withCallingHandlers(code, warning = function(condition) {
     out$push(condition)
     invokeRestart("muffleWarning")
     })
     5: eval_bare(get_expr(.quo), get_env(.quo))
     6: fromJSON("<U+FEFF>[123]")
     7: file.exists(txt)
    
     == testthat results ===========================================================
     [ OK: 1470 | SKIPPED: 0 | WARNINGS: 220 | FAILED: 1 ]
     1. Error: BOM is being ignored (@test-libjson-escaping.R#40)
    
     Error: testthat unit tests failed
     Execution halted
Flavor: r-devel-linux-x86_64-debian-clang

Version: 1.6
Check: for unstated dependencies in ‘tests’
Result: WARN
    Warning in deparse(e[[2L]]) :
     it is not known that wchar_t is Unicode on this platform
    Warning in deparse(e[[2L]]) :
     it is not known that wchar_t is Unicode on this platform
    Warning in deparse(e[[2L]]) :
     it is not known that wchar_t is Unicode on this platform
    Warning in deparse(e[[2L]]) :
     it is not known that wchar_t is Unicode on this platform
    Warning in deparse(e[[2L]]) :
     it is not known that wchar_t is Unicode on this platform
    Warning in deparse(e[[2L]]) :
     it is not known that wchar_t is Unicode on this platform
    Warning in deparse(e[[2L]]) :
     it is not known that wchar_t is Unicode on this platform
    Warning in deparse(e[[2L]]) :
     it is not known that wchar_t is Unicode on this platform
    Warning in deparse(e[[2L]]) :
     it is not known that wchar_t is Unicode on this platform
    Warning in deparse(e[[2L]]) :
     it is not known that wchar_t is Unicode on this platform
Flavor: r-patched-solaris-x86