CRAN Package Check Results for Package jtrans

Last updated on 2020-02-20 21:47:31 CET.

Flavor Version Tinstall Tcheck Ttotal Status Flags
r-devel-linux-x86_64-debian-clang 0.2.1 1.78 19.45 21.23 NOTE
r-devel-linux-x86_64-debian-gcc 0.2.1 1.68 15.40 17.08 NOTE
r-devel-linux-x86_64-fedora-clang 0.2.1 26.51 NOTE
r-devel-linux-x86_64-fedora-gcc 0.2.1 25.98 NOTE
r-devel-windows-ix86+x86_64 0.2.1 5.00 28.00 33.00 NOTE
r-devel-windows-ix86+x86_64-gcc8 0.2.1 6.00 45.00 51.00 NOTE
r-patched-linux-x86_64 0.2.1 1.51 17.79 19.30 NOTE
r-patched-solaris-x86 0.2.1 38.20 NOTE
r-release-linux-x86_64 0.2.1 1.77 17.76 19.53 NOTE
r-release-windows-ix86+x86_64 0.2.1 4.00 34.00 38.00 NOTE
r-release-osx-x86_64 0.2.1 NOTE
r-oldrel-windows-ix86+x86_64 0.2.1 2.00 29.00 31.00 NOTE
r-oldrel-osx-x86_64 0.2.1 NOTE

Check Details

Version: 0.2.1
Check: R code for possible problems
Result: NOTE
    qtls: no visible global function definition for 'quantile'
    qtls: no visible global function definition for 'pnorm'
    Undefined global functions or variables:
     pnorm quantile
    Consider adding
     importFrom("stats", "pnorm", "quantile")
    to your NAMESPACE file.
Flavors: r-devel-linux-x86_64-debian-clang, r-devel-linux-x86_64-debian-gcc, r-devel-linux-x86_64-fedora-clang, r-devel-linux-x86_64-fedora-gcc, r-devel-windows-ix86+x86_64, r-devel-windows-ix86+x86_64-gcc8, r-patched-linux-x86_64, r-patched-solaris-x86, r-release-linux-x86_64, r-release-windows-ix86+x86_64, r-release-osx-x86_64, r-oldrel-windows-ix86+x86_64, r-oldrel-osx-x86_64