CRAN Package Check Results for Package jtrans

Last updated on 2019-09-18 06:49:47 CEST.

Flavor Version Tinstall Tcheck Ttotal Status Flags
r-devel-linux-x86_64-debian-clang 0.2.1 2.06 17.54 19.60 NOTE
r-devel-linux-x86_64-debian-gcc 0.2.1 1.42 14.38 15.80 NOTE
r-devel-linux-x86_64-fedora-clang 0.2.1 24.96 NOTE
r-devel-linux-x86_64-fedora-gcc 0.2.1 23.86 NOTE
r-devel-windows-ix86+x86_64 0.2.1 6.00 29.00 35.00 NOTE
r-patched-linux-x86_64 0.2.1 1.46 17.99 19.45 NOTE
r-patched-solaris-x86 0.2.1 37.10 NOTE
r-release-linux-x86_64 0.2.1 1.78 17.62 19.40 NOTE
r-release-windows-ix86+x86_64 0.2.1 5.00 46.00 51.00 NOTE
r-release-osx-x86_64 0.2.1 NOTE
r-oldrel-windows-ix86+x86_64 0.2.1 4.00 27.00 31.00 NOTE
r-oldrel-osx-x86_64 0.2.1 NOTE

Check Details

Version: 0.2.1
Check: R code for possible problems
Result: NOTE
    qtls: no visible global function definition for 'quantile'
    qtls: no visible global function definition for 'pnorm'
    Undefined global functions or variables:
     pnorm quantile
    Consider adding
     importFrom("stats", "pnorm", "quantile")
    to your NAMESPACE file.
Flavors: r-devel-linux-x86_64-debian-clang, r-devel-linux-x86_64-debian-gcc, r-devel-linux-x86_64-fedora-clang, r-devel-linux-x86_64-fedora-gcc, r-devel-windows-ix86+x86_64, r-patched-linux-x86_64, r-patched-solaris-x86, r-release-linux-x86_64, r-release-windows-ix86+x86_64, r-release-osx-x86_64, r-oldrel-windows-ix86+x86_64, r-oldrel-osx-x86_64