CRAN Package Check Results for Package kableExtra

Last updated on 2022-09-25 19:51:56 CEST.

Flavor Version Tinstall Tcheck Ttotal Status Flags
r-devel-linux-x86_64-debian-clang 1.3.4 9.16 93.45 102.61 NOTE
r-devel-linux-x86_64-debian-gcc 1.3.4 8.30 72.02 80.32 NOTE
r-devel-linux-x86_64-fedora-clang 1.3.4 135.33 NOTE
r-devel-linux-x86_64-fedora-gcc 1.3.4 130.96 NOTE
r-devel-windows-x86_64 1.3.4 67.00 154.00 221.00 NOTE
r-patched-linux-x86_64 1.3.4 7.78 90.10 97.88 NOTE
r-release-linux-x86_64 1.3.4 7.89 87.51 95.40 NOTE
r-release-macos-arm64 1.3.4 44.00 NOTE
r-release-macos-x86_64 1.3.4 58.00 NOTE
r-release-windows-x86_64 1.3.4 15.00 147.00 162.00 NOTE
r-oldrel-macos-arm64 1.3.4 45.00 NOTE
r-oldrel-macos-x86_64 1.3.4 66.00 NOTE
r-oldrel-windows-ix86+x86_64 1.3.4 19.00 141.00 160.00 NOTE

Check Details

Version: 1.3.4
Check: LazyData
Result: NOTE
     'LazyData' is specified without a 'data' directory
Flavors: r-devel-linux-x86_64-debian-clang, r-devel-linux-x86_64-debian-gcc, r-devel-linux-x86_64-fedora-clang, r-devel-linux-x86_64-fedora-gcc, r-devel-windows-x86_64, r-patched-linux-x86_64, r-release-linux-x86_64, r-release-macos-arm64, r-release-macos-x86_64, r-release-windows-x86_64, r-oldrel-macos-arm64, r-oldrel-macos-x86_64, r-oldrel-windows-ix86+x86_64